Last updated on 2024-07-18 01:55:44 CEST.
Flavor | Version | Tinstall | Tcheck | Ttotal | Status | Flags |
---|---|---|---|---|---|---|
r-devel-linux-x86_64-debian-clang | 1.0.4 | 52.48 | 82.45 | 134.93 | NOTE | |
r-devel-linux-x86_64-debian-gcc | 1.0.4 | 40.65 | 57.14 | 97.79 | NOTE | |
r-devel-linux-x86_64-fedora-clang | 1.0.4 | 198.90 | NOTE | |||
r-devel-linux-x86_64-fedora-gcc | 1.0.4 | 200.01 | NOTE | |||
r-devel-windows-x86_64 | 1.0.4 | 47.00 | 101.00 | 148.00 | NOTE | |
r-patched-linux-x86_64 | 1.0.4 | 49.21 | 76.10 | 125.31 | NOTE | |
r-release-linux-x86_64 | 1.0.4 | 48.46 | 76.50 | 124.96 | NOTE | |
r-release-macos-arm64 | 1.0.4 | 44.00 | NOTE | |||
r-release-macos-x86_64 | 1.0.4 | 79.00 | NOTE | |||
r-release-windows-x86_64 | 1.0.4 | 51.00 | 95.00 | 146.00 | NOTE | |
r-oldrel-macos-arm64 | 1.0.4 | 51.00 | NOTE | |||
r-oldrel-macos-x86_64 | 1.0.4 | 160.00 | NOTE | |||
r-oldrel-windows-x86_64 | 1.0.4 | 60.00 | 116.00 | 176.00 | NOTE |
Version: 1.0.4
Check: for GNU extensions in Makefiles
Result: NOTE
GNU make is a SystemRequirements.
Flavors: r-devel-linux-x86_64-debian-clang, r-devel-linux-x86_64-debian-gcc, r-devel-linux-x86_64-fedora-clang, r-devel-linux-x86_64-fedora-gcc, r-devel-windows-x86_64, r-patched-linux-x86_64, r-release-linux-x86_64, r-release-macos-arm64, r-release-macos-x86_64, r-release-windows-x86_64, r-oldrel-macos-arm64, r-oldrel-macos-x86_64, r-oldrel-windows-x86_64