Last updated on 2024-08-16 12:49:21 CEST.
Flavor | Version | Tinstall | Tcheck | Ttotal | Status | Flags |
---|---|---|---|---|---|---|
r-devel-linux-x86_64-debian-clang | 1.3.5 | 33.78 | 93.00 | 126.78 | NOTE | |
r-devel-linux-x86_64-debian-gcc | 1.3.5 | 25.88 | 75.64 | 101.52 | NOTE | |
r-devel-linux-x86_64-fedora-clang | 1.3.5 | 219.61 | NOTE | |||
r-devel-linux-x86_64-fedora-gcc | 1.3.5 | 251.30 | NOTE | |||
r-devel-windows-x86_64 | 1.3.5 | 41.00 | 110.00 | 151.00 | NOTE | |
r-patched-linux-x86_64 | 1.3.5 | 36.31 | 97.14 | 133.45 | NOTE | |
r-release-linux-x86_64 | 1.3.5 | 34.98 | 97.80 | 132.78 | NOTE | |
r-release-macos-arm64 | 1.3.5 | 60.00 | NOTE | |||
r-release-macos-x86_64 | 1.3.5 | 97.00 | NOTE | |||
r-release-windows-x86_64 | 1.3.5 | 44.00 | 112.00 | 156.00 | NOTE | |
r-oldrel-macos-arm64 | 1.3.5 | 60.00 | NOTE | |||
r-oldrel-macos-x86_64 | 1.3.5 | 128.00 | NOTE | |||
r-oldrel-windows-x86_64 | 1.3.5 | 49.00 | 133.00 | 182.00 | NOTE |
Version: 1.3.5
Check: for GNU extensions in Makefiles
Result: NOTE
GNU make is a SystemRequirements.
Flavors: r-devel-linux-x86_64-debian-clang, r-devel-linux-x86_64-debian-gcc, r-devel-linux-x86_64-fedora-clang, r-devel-linux-x86_64-fedora-gcc, r-devel-windows-x86_64, r-patched-linux-x86_64, r-release-linux-x86_64, r-release-macos-arm64, r-release-macos-x86_64, r-release-windows-x86_64, r-oldrel-macos-arm64, r-oldrel-macos-x86_64, r-oldrel-windows-x86_64
Version: 1.3.5
Check: installed package size
Result: NOTE
installed size is 6.0Mb
sub-directories of 1Mb or more:
doc 1.8Mb
libs 4.1Mb
Flavors: r-release-macos-arm64, r-release-macos-x86_64, r-oldrel-macos-arm64, r-oldrel-macos-x86_64