Last updated on 2024-07-18 01:55:44 CEST.
Flavor | Version | Tinstall | Tcheck | Ttotal | Status | Flags |
---|---|---|---|---|---|---|
r-devel-linux-x86_64-debian-clang | 0.1.7 | 13.78 | 127.36 | 141.14 | OK | |
r-devel-linux-x86_64-debian-gcc | 0.1.7 | 11.94 | 91.60 | 103.54 | OK | |
r-devel-linux-x86_64-fedora-clang | 0.1.7 | 175.55 | OK | |||
r-devel-linux-x86_64-fedora-gcc | 0.1.7 | 171.69 | OK | |||
r-devel-windows-x86_64 | 0.1.7 | 13.00 | 100.00 | 113.00 | NOTE | |
r-patched-linux-x86_64 | 0.1.7 | 20.64 | 119.93 | 140.57 | OK | |
r-release-linux-x86_64 | 0.1.7 | 9.64 | 115.61 | 125.25 | OK | |
r-release-macos-arm64 | 0.1.7 | 43.00 | OK | |||
r-release-macos-x86_64 | 0.1.7 | 68.00 | OK | |||
r-release-windows-x86_64 | 0.1.7 | 13.00 | 103.00 | 116.00 | OK | |
r-oldrel-macos-arm64 | 0.1.7 | 57.00 | OK | |||
r-oldrel-macos-x86_64 | 0.1.7 | 130.00 | OK | |||
r-oldrel-windows-x86_64 | 0.1.7 | 18.00 | 126.00 | 144.00 | OK |
Version: 0.1.7
Check: Rd cross-references
Result: NOTE
Found the following Rd file(s) with Rd \link{} targets missing package
anchors:
grf.Rd: ranger
grf.bw.Rd: ranger
Please provide package anchors for all Rd \link{} targets not in the
package itself and the base packages.
Flavor: r-devel-windows-x86_64