Last updated on 2024-07-18 01:55:44 CEST.
Flavor | Version | Tinstall | Tcheck | Ttotal | Status | Flags |
---|---|---|---|---|---|---|
r-devel-linux-x86_64-debian-clang | 1.1-9.7 | 8.48 | 30.18 | 38.66 | NOTE | |
r-devel-linux-x86_64-debian-gcc | 1.1-9.7 | 5.69 | 23.23 | 28.92 | NOTE | |
r-devel-linux-x86_64-fedora-clang | 1.1-9.7 | 49.02 | NOTE | |||
r-devel-linux-x86_64-fedora-gcc | 1.1-9.7 | 47.45 | NOTE | |||
r-devel-windows-x86_64 | 1.1-9.7 | 9.00 | 52.00 | 61.00 | NOTE | |
r-patched-linux-x86_64 | 1.1-9.7 | 8.10 | 29.93 | 38.03 | NOTE | |
r-release-linux-x86_64 | 1.1-9.7 | 6.38 | 28.92 | 35.30 | NOTE | |
r-release-macos-arm64 | 1.1-9.7 | 19.00 | NOTE | |||
r-release-macos-x86_64 | 1.1-9.7 | 26.00 | NOTE | |||
r-release-windows-x86_64 | 1.1-9.7 | 10.00 | 51.00 | 61.00 | NOTE | |
r-oldrel-macos-arm64 | 1.1-9.7 | 19.00 | NOTE | |||
r-oldrel-macos-x86_64 | 1.1-9.7 | 28.00 | NOTE | |||
r-oldrel-windows-x86_64 | 1.1-9.7 | 9.00 | 56.00 | 65.00 | NOTE |
Version: 1.1-9.7
Check: C++ specification
Result: NOTE
Specified C++11: please drop specification unless essential
Flavors: r-devel-linux-x86_64-debian-clang, r-devel-linux-x86_64-debian-gcc, r-devel-linux-x86_64-fedora-clang, r-devel-linux-x86_64-fedora-gcc, r-devel-windows-x86_64, r-patched-linux-x86_64, r-release-linux-x86_64, r-release-macos-arm64, r-release-macos-x86_64, r-release-windows-x86_64, r-oldrel-macos-arm64, r-oldrel-macos-x86_64, r-oldrel-windows-x86_64