Last updated on 2025-11-14 00:51:00 CET.
| Flavor | Version | Tinstall | Tcheck | Ttotal | Status | Flags |
|---|---|---|---|---|---|---|
| r-devel-linux-x86_64-debian-clang | 1.2 | 13.72 | 122.40 | 136.12 | NOTE | |
| r-devel-linux-x86_64-debian-gcc | 1.2 | 9.49 | 87.58 | 97.07 | NOTE | |
| r-devel-linux-x86_64-fedora-clang | 1.2 | 27.00 | 175.69 | 202.69 | OK | |
| r-devel-linux-x86_64-fedora-gcc | 1.2 | 29.00 | 167.81 | 196.81 | OK | |
| r-devel-windows-x86_64 | 1.2 | 14.00 | 112.00 | 126.00 | OK | |
| r-patched-linux-x86_64 | 1.2 | 12.94 | 111.03 | 123.97 | OK | |
| r-release-linux-x86_64 | 1.2 | 11.61 | 110.51 | 122.12 | OK | |
| r-release-macos-arm64 | 1.2 | 5.00 | 45.00 | 50.00 | OK | |
| r-release-macos-x86_64 | 1.2 | 12.00 | 81.00 | 93.00 | OK | |
| r-release-windows-x86_64 | 1.2 | 14.00 | 111.00 | 125.00 | OK | |
| r-oldrel-macos-arm64 | 1.2 | 5.00 | 45.00 | 50.00 | OK | |
| r-oldrel-macos-x86_64 | 1.2 | 8.00 | 73.00 | 81.00 | OK | |
| r-oldrel-windows-x86_64 | 1.2 | 21.00 | 143.00 | 164.00 | OK |
Version: 1.2
Check: CRAN incoming feasibility
Result: NOTE
Maintainer: ‘Mithat Gonen <gonenm@mskcc.org>’
Package CITATION file contains call(s) to old-style personList() or
as.personList(). Please use c() on person objects instead.
Package CITATION file contains call(s) to old-style citEntry(). Please
use bibentry() instead.
Flavors: r-devel-linux-x86_64-debian-clang, r-devel-linux-x86_64-debian-gcc