Last updated on 2025-11-14 00:51:00 CET.
| Flavor | Version | Tinstall | Tcheck | Ttotal | Status | Flags |
|---|---|---|---|---|---|---|
| r-devel-linux-x86_64-debian-clang | 0.1.3 | 107.36 | 124.50 | 231.86 | OK | |
| r-devel-linux-x86_64-debian-gcc | 0.1.3 | 68.19 | 90.64 | 158.83 | OK | |
| r-devel-linux-x86_64-fedora-clang | 0.1.3 | 445.00 | -14.53 | 430.47 | OK | |
| r-devel-linux-x86_64-fedora-gcc | 0.1.5 | 315.00 | 196.30 | 511.30 | OK | |
| r-devel-windows-x86_64 | 0.1.3 | 123.00 | 143.00 | 266.00 | OK | |
| r-patched-linux-x86_64 | 0.1.3 | 107.95 | 122.62 | 230.57 | OK | |
| r-release-linux-x86_64 | 0.1.3 | 107.56 | 120.62 | 228.18 | OK | |
| r-release-macos-arm64 | 0.1.5 | 50.00 | 58.00 | 108.00 | OK | |
| r-release-macos-x86_64 | 0.1.5 | 70.00 | 130.00 | 200.00 | OK | |
| r-release-windows-x86_64 | 0.1.3 | 124.00 | 168.00 | 292.00 | OK | |
| r-oldrel-macos-arm64 | 0.1.5 | 48.00 | 64.00 | 112.00 | NOTE | |
| r-oldrel-macos-x86_64 | 0.1.5 | 59.00 | 180.00 | 239.00 | NOTE | |
| r-oldrel-windows-x86_64 | 0.1.3 | 145.00 | 193.00 | 338.00 | NOTE |
Version: 0.1.5
Check: installed package size
Result: NOTE
installed size is 13.2Mb
sub-directories of 1Mb or more:
data 4.5Mb
libs 8.2Mb
Flavors: r-oldrel-macos-arm64, r-oldrel-macos-x86_64
Version: 0.1.3
Check: installed package size
Result: NOTE
installed size is 6.2Mb
sub-directories of 1Mb or more:
data 4.5Mb
libs 1.4Mb
Flavor: r-oldrel-windows-x86_64