Last updated on 2024-07-18 01:55:46 CEST.
Flavor | Version | Tinstall | Tcheck | Ttotal | Status | Flags |
---|---|---|---|---|---|---|
r-devel-linux-x86_64-debian-clang | 2.0 | 82.72 | 57.72 | 140.44 | OK | |
r-devel-linux-x86_64-debian-gcc | 2.0 | 62.75 | 50.04 | 112.79 | OK | |
r-devel-linux-x86_64-fedora-clang | 2.0 | 198.01 | OK | |||
r-devel-linux-x86_64-fedora-gcc | 2.0 | 208.74 | OK | |||
r-devel-windows-x86_64 | 2.0 | 69.00 | 83.00 | 152.00 | OK | |
r-patched-linux-x86_64 | 2.0 | 81.82 | 62.18 | 144.00 | OK | |
r-release-linux-x86_64 | 2.0 | 76.52 | 62.90 | 139.42 | OK | |
r-release-macos-arm64 | 2.0 | 46.00 | NOTE | |||
r-release-macos-x86_64 | 2.0 | 56.00 | NOTE | |||
r-release-windows-x86_64 | 2.0 | 68.00 | 93.00 | 161.00 | OK | |
r-oldrel-macos-arm64 | 2.0 | 50.00 | NOTE | |||
r-oldrel-macos-x86_64 | 2.0 | 78.00 | NOTE | |||
r-oldrel-windows-x86_64 | 2.0 | 83.00 | 229.00 | 312.00 | OK |
Version: 2.0
Check: installed package size
Result: NOTE
installed size is 16.8Mb
sub-directories of 1Mb or more:
data 1.2Mb
libs 15.4Mb
Flavors: r-release-macos-arm64, r-release-macos-x86_64, r-oldrel-macos-arm64, r-oldrel-macos-x86_64