Last updated on 2025-07-04 12:49:16 CEST.
Flavor | Version | Tinstall | Tcheck | Ttotal | Status | Flags |
---|---|---|---|---|---|---|
r-devel-linux-x86_64-debian-clang | 1.5.10 | 24.09 | 132.77 | 156.86 | NOTE | |
r-devel-linux-x86_64-debian-gcc | 1.5.10 | 16.26 | 103.31 | 119.57 | NOTE | |
r-devel-linux-x86_64-fedora-clang | 1.5.10 | 260.60 | OK | |||
r-devel-linux-x86_64-fedora-gcc | 1.5.10 | 250.89 | OK | |||
r-devel-windows-x86_64 | 1.5.10 | 21.00 | 386.00 | 407.00 | NOTE | |
r-patched-linux-x86_64 | 1.5.10 | 25.22 | 135.75 | 160.97 | NOTE | |
r-release-linux-x86_64 | 1.5.10 | 26.09 | 134.97 | 161.06 | NOTE | |
r-release-macos-arm64 | 1.5.10 | 134.00 | OK | |||
r-release-macos-x86_64 | 1.5.10 | 191.00 | OK | |||
r-release-windows-x86_64 | 1.5.10 | 22.00 | 349.00 | 371.00 | NOTE | |
r-oldrel-macos-arm64 | 1.5.10 | 122.00 | OK | |||
r-oldrel-macos-x86_64 | 1.5.10 | 134.00 | OK | |||
r-oldrel-windows-x86_64 | 1.5.10 | 28.00 | 446.00 | 474.00 | OK |
Version: 1.5.10
Check: Rd cross-references
Result: NOTE
Found the following Rd file(s) with Rd \link{} targets missing package
anchors:
FULLoption.Rd: impute, local.trend, mannKen, seasonTrend, seaKen
Please provide package anchors for all Rd \link{} targets not in the
package itself and the base packages.
Flavors: r-devel-linux-x86_64-debian-clang, r-devel-linux-x86_64-debian-gcc, r-devel-windows-x86_64, r-patched-linux-x86_64, r-release-linux-x86_64, r-release-windows-x86_64