CRAN Package Check Results for Package Tendril

Last updated on 2025-11-15 01:50:46 CET.

Flavor Version Tinstall Tcheck Ttotal Status Flags
r-devel-linux-x86_64-debian-clang 2.0.4 3.60 149.57 153.17 NOTE
r-devel-linux-x86_64-debian-gcc 2.0.4 2.54 104.58 107.12 NOTE
r-devel-linux-x86_64-fedora-clang 2.0.4 237.49 NOTE
r-devel-linux-x86_64-fedora-gcc 2.0.4 251.71 NOTE
r-devel-windows-x86_64 2.0.4 7.00 148.00 155.00 NOTE
r-patched-linux-x86_64 2.0.4 3.62 144.42 148.04 NOTE
r-release-linux-x86_64 2.0.4 2.34 145.04 147.38 NOTE
r-release-macos-arm64 2.0.4 2.00 74.00 76.00 NOTE
r-release-macos-x86_64 2.0.4 3.00 159.00 162.00 NOTE
r-release-windows-x86_64 2.0.4 10.00 352.00 362.00 NOTE
r-oldrel-macos-arm64 2.0.4 2.00 70.00 72.00 NOTE
r-oldrel-macos-x86_64 2.0.4 3.00 155.00 158.00 NOTE
r-oldrel-windows-x86_64 2.0.4 8.00 439.00 447.00 NOTE

Check Details

Version: 2.0.4
Check: Rd files
Result: NOTE checkRd: (-1) Tendril.Rd:53: Lost braces in \itemize; \value handles \item{}{} directly checkRd: (-1) Tendril.Rd:54: Lost braces in \itemize; \value handles \item{}{} directly checkRd: (-1) Tendril.Rd:55: Lost braces in \itemize; \value handles \item{}{} directly checkRd: (-1) Tendril.Rd:56: Lost braces in \itemize; \value handles \item{}{} directly checkRd: (-1) Tendril.Rd:57: Lost braces in \itemize; \value handles \item{}{} directly checkRd: (-1) Tendril.Rd:58: Lost braces in \itemize; \value handles \item{}{} directly checkRd: (-1) Tendril.Rd:59: Lost braces in \itemize; \value handles \item{}{} directly checkRd: (-1) Tendril.Rd:60: Lost braces in \itemize; \value handles \item{}{} directly checkRd: (-1) Tendril.Rd:61: Lost braces in \itemize; \value handles \item{}{} directly checkRd: (-1) Tendril.Rd:62: Lost braces in \itemize; \value handles \item{}{} directly checkRd: (-1) Tendril.Rd:63: Lost braces in \itemize; \value handles \item{}{} directly checkRd: (-1) Tendril.Rd:64: Lost braces in \itemize; \value handles \item{}{} directly checkRd: (-1) Tendril.Rd:65: Lost braces in \itemize; \value handles \item{}{} directly checkRd: (-1) Tendril.Rd:66: Lost braces in \itemize; \value handles \item{}{} directly checkRd: (-1) Tendril.Rd:67: Lost braces in \itemize; \value handles \item{}{} directly Flavors: r-devel-linux-x86_64-debian-clang, r-devel-linux-x86_64-debian-gcc, r-devel-linux-x86_64-fedora-clang, r-devel-linux-x86_64-fedora-gcc, r-devel-windows-x86_64, r-patched-linux-x86_64, r-release-linux-x86_64, r-release-macos-arm64, r-release-macos-x86_64, r-release-windows-x86_64, r-oldrel-macos-arm64, r-oldrel-macos-x86_64, r-oldrel-windows-x86_64

Version: 2.0.4
Check: dependencies in R code
Result: NOTE Namespace in Imports field not imported from: ‘graphics’ All declared Imports should be used. Flavors: r-devel-linux-x86_64-fedora-clang, r-devel-linux-x86_64-fedora-gcc