Last updated on 2024-08-16 12:49:22 CEST.
Flavor | Version | Tinstall | Tcheck | Ttotal | Status | Flags |
---|---|---|---|---|---|---|
r-devel-linux-x86_64-debian-clang | 0.1.0 | 9.78 | 78.77 | 88.55 | OK | |
r-devel-linux-x86_64-debian-gcc | 0.1.0 | 8.13 | 56.25 | 64.38 | OK | |
r-devel-linux-x86_64-fedora-clang | 0.1.0 | 143.94 | NOTE | |||
r-devel-linux-x86_64-fedora-gcc | 0.1.0 | 133.39 | NOTE | |||
r-devel-windows-x86_64 | 0.1.0 | 11.00 | 100.00 | 111.00 | OK | |
r-patched-linux-x86_64 | 0.1.0 | 10.22 | 73.00 | 83.22 | OK | |
r-release-linux-x86_64 | 0.1.0 | 8.65 | 74.42 | 83.07 | OK | |
r-release-macos-arm64 | 0.1.0 | 41.00 | OK | |||
r-release-macos-x86_64 | 0.1.0 | 63.00 | OK | |||
r-release-windows-x86_64 | 0.1.0 | 12.00 | 100.00 | 112.00 | OK | |
r-oldrel-macos-arm64 | 0.1.0 | 43.00 | OK | |||
r-oldrel-macos-x86_64 | 0.1.0 | 102.00 | OK | |||
r-oldrel-windows-x86_64 | 0.1.0 | 14.00 | 121.00 | 135.00 | OK |
Version: 0.1.0
Check: data for non-ASCII characters
Result: NOTE
Note: found 1 marked UTF-8 string
Flavors: r-devel-linux-x86_64-fedora-clang, r-devel-linux-x86_64-fedora-gcc