Last updated on 2024-07-18 01:55:45 CEST.
Flavor | Version | Tinstall | Tcheck | Ttotal | Status | Flags |
---|---|---|---|---|---|---|
r-devel-linux-x86_64-debian-clang | 1.1.4 | 14.13 | 124.54 | 138.67 | OK | |
r-devel-linux-x86_64-debian-gcc | 1.1.4 | 8.90 | 91.00 | 99.90 | OK | |
r-devel-linux-x86_64-fedora-clang | 1.1.4 | 166.53 | OK | |||
r-devel-linux-x86_64-fedora-gcc | 1.1.4 | 177.79 | OK | |||
r-devel-windows-x86_64 | 1.1.4 | 12.00 | 114.00 | 126.00 | NOTE | |
r-patched-linux-x86_64 | 1.1.4 | 14.87 | 116.07 | 130.94 | OK | |
r-release-linux-x86_64 | 1.1.4 | 13.30 | 116.69 | 129.99 | OK | |
r-release-macos-arm64 | 1.1.4 | 58.00 | OK | |||
r-release-macos-x86_64 | 1.1.4 | 89.00 | OK | |||
r-release-windows-x86_64 | 1.1.4 | 12.00 | 117.00 | 129.00 | OK | |
r-oldrel-macos-arm64 | 1.1.4 | 64.00 | OK | |||
r-oldrel-macos-x86_64 | 1.1.4 | 162.00 | OK | |||
r-oldrel-windows-x86_64 | 1.1.4 | 16.00 | 128.00 | 144.00 | OK |
Version: 1.1.4
Check: Rd cross-references
Result: NOTE
Found the following Rd file(s) with Rd \link{} targets missing package
anchors:
Reaper-class.Rd: distanceMatrix, PCDimension
SimThresher-class.Rd: AuerGervini
Thresher-class.Rd: distanceMatrix, AuerGervini, PCDimension,
AuerGervini-class
matchLabels.Rd: distanceMatrix
Please provide package anchors for all Rd \link{} targets not in the
package itself and the base packages.
Flavor: r-devel-windows-x86_64