Last updated on 2024-06-14 13:56:35 CEST.
Flavor | Version | Tinstall | Tcheck | Ttotal | Status | Flags |
---|---|---|---|---|---|---|
r-devel-linux-x86_64-debian-clang | 1.4 | 7.48 | 42.49 | 49.97 | OK | |
r-devel-linux-x86_64-debian-gcc | 1.4 | 5.34 | 31.50 | 36.84 | OK | |
r-devel-linux-x86_64-fedora-clang | 1.4 | 62.50 | NOTE | |||
r-devel-linux-x86_64-fedora-gcc | 1.4 | 58.26 | NOTE | |||
r-devel-windows-x86_64 | 1.4 | 8.00 | 63.00 | 71.00 | OK | |
r-patched-linux-x86_64 | 1.4 | 10.27 | 39.64 | 49.91 | OK | |
r-release-linux-x86_64 | 1.4 | 7.31 | 40.36 | 47.67 | OK | |
r-release-macos-arm64 | 1.4 | 20.00 | OK | |||
r-release-macos-x86_64 | 1.4 | 36.00 | OK | |||
r-release-windows-x86_64 | 1.4 | 9.00 | 66.00 | 75.00 | OK | |
r-oldrel-macos-arm64 | 1.4 | 21.00 | OK | |||
r-oldrel-macos-x86_64 | 1.4 | 33.00 | OK | |||
r-oldrel-windows-x86_64 | 1.4 | 9.00 | 72.00 | 81.00 | OK |
Version: 1.4
Check: compiled code
Result: NOTE
File ‘TrialSize/libs/TrialSize.so’:
Found no calls to: ‘R_registerRoutines’, ‘R_useDynamicSymbols’
It is good practice to register native routines and to disable symbol
search.
See ‘Writing portable packages’ in the ‘Writing R Extensions’ manual.
Flavors: r-devel-linux-x86_64-fedora-clang, r-devel-linux-x86_64-fedora-gcc