Last updated on 2024-08-16 12:49:23 CEST.
Flavor | Version | Tinstall | Tcheck | Ttotal | Status | Flags |
---|---|---|---|---|---|---|
r-devel-linux-x86_64-debian-clang | 0.1.1 | 11.75 | 45.74 | 57.49 | NOTE | |
r-devel-linux-x86_64-debian-gcc | 0.1.1 | 8.13 | 30.00 | 38.13 | NOTE | |
r-devel-linux-x86_64-fedora-clang | 0.1.1 | 96.27 | NOTE | |||
r-devel-linux-x86_64-fedora-gcc | 0.1.1 | 107.29 | NOTE | |||
r-devel-windows-x86_64 | 0.1.1 | 11.00 | 70.00 | 81.00 | NOTE | |
r-patched-linux-x86_64 | 0.1.1 | 12.98 | 43.20 | 56.18 | NOTE | |
r-release-linux-x86_64 | 0.1.1 | 11.32 | 42.95 | 54.27 | NOTE | |
r-release-macos-arm64 | 0.1.1 | 31.00 | NOTE | |||
r-release-macos-x86_64 | 0.1.1 | 49.00 | NOTE | |||
r-release-windows-x86_64 | 0.1.1 | 10.00 | 71.00 | 81.00 | NOTE | |
r-oldrel-macos-arm64 | 0.1.1 | 32.00 | NOTE | |||
r-oldrel-macos-x86_64 | 0.1.1 | 54.00 | NOTE | |||
r-oldrel-windows-x86_64 | 0.1.1 | 11.00 | 77.00 | 88.00 | NOTE |
Version: 0.1.1
Check: LazyData
Result: NOTE
'LazyData' is specified without a 'data' directory
Flavors: r-devel-linux-x86_64-debian-clang, r-devel-linux-x86_64-debian-gcc, r-devel-linux-x86_64-fedora-clang, r-devel-linux-x86_64-fedora-gcc, r-devel-windows-x86_64, r-patched-linux-x86_64, r-release-linux-x86_64, r-release-macos-arm64, r-release-macos-x86_64, r-release-windows-x86_64, r-oldrel-macos-arm64, r-oldrel-macos-x86_64, r-oldrel-windows-x86_64