CRAN Package Check Results for Package VALIDICLUST

Last updated on 2025-10-17 14:51:32 CEST.

Flavor Version Tinstall Tcheck Ttotal Status Flags
r-devel-linux-x86_64-debian-clang 0.1.0 3.95 35.14 39.09 NOTE
r-devel-linux-x86_64-debian-gcc 0.1.0 2.93 26.33 29.26 NOTE
r-devel-linux-x86_64-fedora-clang 0.1.0 57.94 OK
r-devel-linux-x86_64-fedora-gcc 0.1.0 51.73 OK
r-devel-windows-x86_64 0.1.0 5.00 48.00 53.00 OK
r-patched-linux-x86_64 0.1.0 3.24 31.80 35.04 OK
r-release-linux-x86_64 0.1.0 3.44 31.41 34.85 OK
r-release-macos-arm64 0.1.0 21.00 OK
r-release-macos-x86_64 0.1.0 34.00 OK
r-release-windows-x86_64 0.1.0 6.00 50.00 56.00 OK
r-oldrel-macos-arm64 0.1.0 20.00 OK
r-oldrel-macos-x86_64 0.1.0 29.00 OK
r-oldrel-windows-x86_64 0.1.0 7.00 59.00 66.00 OK

Check Details

Version: 0.1.0
Check: CRAN incoming feasibility
Result: NOTE Maintainer: ‘Benjamin Hivert <benjamin.hivert@u-bordeaux.fr>’ No Authors@R field in DESCRIPTION. Please add one, modifying Authors@R: person(given = "Benjamin", family = "Hivert", role = c("aut", "cre"), email = "benjamin.hivert@u-bordeaux.fr") as necessary. The Description field contains practical considerations", <arXiv:2210.13172>. Please refer to arXiv e-prints via their arXiv DOI <doi:10.48550/arXiv.YYMM.NNNNN>. Flavors: r-devel-linux-x86_64-debian-clang, r-devel-linux-x86_64-debian-gcc