Last updated on 2024-08-16 12:49:23 CEST.
Flavor | Version | Tinstall | Tcheck | Ttotal | Status | Flags |
---|---|---|---|---|---|---|
r-devel-linux-x86_64-debian-clang | 1.0.1 | 28.34 | 44.82 | 73.16 | NOTE | |
r-devel-linux-x86_64-debian-gcc | 1.0.1 | 21.97 | 38.75 | 60.72 | NOTE | |
r-devel-linux-x86_64-fedora-clang | 1.0.1 | 158.97 | NOTE | |||
r-devel-linux-x86_64-fedora-gcc | 1.0.1 | 163.20 | NOTE | |||
r-devel-windows-x86_64 | 1.0.1 | 33.00 | 77.00 | 110.00 | NOTE | |
r-patched-linux-x86_64 | 1.0.1 | 29.95 | 68.05 | 98.00 | NOTE | |
r-release-linux-x86_64 | 1.0.1 | 29.85 | 58.46 | 88.31 | NOTE | |
r-release-macos-arm64 | 1.0.1 | 44.00 | NOTE | |||
r-release-macos-x86_64 | 1.0.1 | 60.00 | NOTE | |||
r-release-windows-x86_64 | 1.0.1 | 33.00 | 80.00 | 113.00 | NOTE | |
r-oldrel-macos-arm64 | 1.0.1 | 46.00 | NOTE | |||
r-oldrel-macos-x86_64 | 1.0.1 | 77.00 | NOTE | |||
r-oldrel-windows-x86_64 | 1.0.1 | 39.00 | 95.00 | 134.00 | NOTE |
Version: 1.0.1
Check: C++ specification
Result: NOTE
Specified C++11: please drop specification unless essential
Flavors: r-devel-linux-x86_64-debian-clang, r-devel-linux-x86_64-debian-gcc, r-devel-linux-x86_64-fedora-clang, r-devel-linux-x86_64-fedora-gcc, r-devel-windows-x86_64, r-patched-linux-x86_64, r-release-linux-x86_64, r-release-macos-arm64, r-release-macos-x86_64, r-release-windows-x86_64, r-oldrel-macos-arm64, r-oldrel-macos-x86_64, r-oldrel-windows-x86_64
Version: 1.0.1
Check: installed package size
Result: NOTE
installed size is 5.2Mb
sub-directories of 1Mb or more:
libs 3.6Mb
Flavors: r-release-macos-arm64, r-release-macos-x86_64, r-oldrel-macos-arm64, r-oldrel-macos-x86_64