Last updated on 2024-07-18 01:55:47 CEST.
Flavor | Version | Tinstall | Tcheck | Ttotal | Status | Flags |
---|---|---|---|---|---|---|
r-devel-linux-x86_64-debian-clang | 3.1 | 19.23 | 119.94 | 139.17 | NOTE | |
r-devel-linux-x86_64-debian-gcc | 3.1 | 14.26 | 86.56 | 100.82 | NOTE | |
r-devel-linux-x86_64-fedora-clang | 3.1 | 178.09 | NOTE | |||
r-devel-linux-x86_64-fedora-gcc | 3.1 | 158.68 | NOTE | |||
r-devel-windows-x86_64 | 3.1 | 17.00 | 108.00 | 125.00 | NOTE | |
r-patched-linux-x86_64 | 3.1 | 18.52 | 115.42 | 133.94 | NOTE | |
r-release-linux-x86_64 | 3.1 | 16.12 | 115.08 | 131.20 | NOTE | |
r-release-macos-arm64 | 3.1 | 44.00 | NOTE | |||
r-release-macos-x86_64 | 3.1 | 67.00 | NOTE | |||
r-release-windows-x86_64 | 3.1 | 16.00 | 111.00 | 127.00 | NOTE | |
r-oldrel-macos-arm64 | 3.1 | 46.00 | OK | |||
r-oldrel-macos-x86_64 | 3.1 | 77.00 | OK | |||
r-oldrel-windows-x86_64 | 3.1 | 19.00 | 129.00 | 148.00 | OK |
Version: 3.1
Check: Rd files
Result: NOTE
checkRd: (-1) createDemandSite.Rd:26: Lost braces
26 | \item{suppliers}{(optional) A list of object(s) inherited from the folowing classes: \code{\link[WRSS]{createAquifer}}, \code{\link[WRSS]{createRiver}}, \code{\link[WRSS]{createReservoir}}, code{\link[WRSS]{createDiversion}}.}
| ^
checkRd: (-1) createDemandSite.base.Rd:26: Lost braces
26 | \item{suppliers}{(optional) A list of object(s) inherited from the folowing classes: \code{\link[WRSS]{createAquifer}}, \code{\link[WRSS]{createRiver}}, \code{\link[WRSS]{createReservoir}}, code{\link[WRSS]{createDiversion}}.}
| ^
checkRd: (-1) createDemandSite.default.Rd:32: Lost braces
32 | \item{suppliers}{(optional) A list of object(s) inherited from the folowing classes: \code{\link[WRSS]{createAquifer}}, \code{\link[WRSS]{createRiver}}, \code{\link[WRSS]{createReservoir}}, code{\link[WRSS]{createDiversion}}.}
| ^
Flavors: r-devel-linux-x86_64-debian-clang, r-devel-linux-x86_64-debian-gcc, r-devel-linux-x86_64-fedora-clang, r-devel-linux-x86_64-fedora-gcc, r-devel-windows-x86_64, r-patched-linux-x86_64, r-release-linux-x86_64, r-release-macos-arm64, r-release-macos-x86_64, r-release-windows-x86_64