Last updated on 2024-07-18 01:55:47 CEST.
Flavor | Version | Tinstall | Tcheck | Ttotal | Status | Flags |
---|---|---|---|---|---|---|
r-devel-linux-x86_64-debian-clang | 0.99.19.1 | 121.22 | 31.92 | 153.14 | NOTE | |
r-devel-linux-x86_64-debian-gcc | 0.99.19.1 | 77.38 | 23.67 | 101.05 | NOTE | |
r-devel-linux-x86_64-fedora-clang | 0.99.19.1 | 226.05 | NOTE | |||
r-devel-linux-x86_64-fedora-gcc | 0.99.19.1 | 224.68 | NOTE | |||
r-devel-windows-x86_64 | 0.99.19.1 | 91.00 | 74.00 | 165.00 | NOTE | |
r-patched-linux-x86_64 | 0.99.19.1 | 97.57 | 30.77 | 128.34 | NOTE | |
r-release-linux-x86_64 | 0.99.19.1 | 96.75 | 30.45 | 127.20 | NOTE | |
r-release-macos-arm64 | 0.99.19.1 | 40.00 | NOTE | |||
r-release-macos-x86_64 | 0.99.19.1 | 45.00 | NOTE | |||
r-release-windows-x86_64 | 0.99.19.1 | 89.00 | 76.00 | 165.00 | NOTE | |
r-oldrel-macos-arm64 | 0.99.19.1 | 45.00 | OK | |||
r-oldrel-macos-x86_64 | 0.99.19.1 | 80.00 | OK | |||
r-oldrel-windows-x86_64 | 0.99.19.1 | 85.00 | 82.00 | 167.00 | OK |
Version: 0.99.19.1
Check: Rd files
Result: NOTE
checkRd: (-1) xbrlSECdev01.Rd:20: Lost braces in \itemize; meant \describe ?
Flavors: r-devel-linux-x86_64-debian-clang, r-devel-linux-x86_64-debian-gcc, r-devel-linux-x86_64-fedora-clang, r-devel-linux-x86_64-fedora-gcc, r-devel-windows-x86_64, r-patched-linux-x86_64, r-release-linux-x86_64, r-release-macos-arm64, r-release-macos-x86_64, r-release-windows-x86_64