CRAN Package Check Results for Package academictwitteR

Last updated on 2025-07-08 13:49:02 CEST.

Flavor Version Tinstall Tcheck Ttotal Status Flags
r-devel-linux-x86_64-debian-clang 0.3.1 4.68 76.53 81.21 NOTE
r-devel-linux-x86_64-debian-gcc 0.3.1 3.12 56.11 59.23 NOTE
r-devel-linux-x86_64-fedora-clang 0.3.1 127.95 NOTE
r-devel-linux-x86_64-fedora-gcc 0.3.1 134.41 NOTE
r-devel-windows-x86_64 0.3.1 7.00 101.00 108.00 NOTE
r-patched-linux-x86_64 0.3.1 4.58 69.28 73.86 NOTE
r-release-linux-x86_64 0.3.1 4.20 70.40 74.60 NOTE
r-release-macos-arm64 0.3.1 47.00 NOTE
r-release-macos-x86_64 0.3.1 96.00 NOTE
r-release-windows-x86_64 0.3.1 8.00 103.00 111.00 NOTE
r-oldrel-macos-arm64 0.3.1 49.00 NOTE
r-oldrel-macos-x86_64 0.3.1 81.00 NOTE
r-oldrel-windows-x86_64 0.3.1 9.00 120.00 129.00 NOTE

Check Details

Version: 0.3.1
Check: Rd files
Result: NOTE checkRd: (-1) bind_tweets.Rd:21: Lost braces in \itemize; meant \describe ? checkRd: (-1) bind_tweets.Rd:22: Lost braces in \itemize; meant \describe ? Flavors: r-devel-linux-x86_64-debian-clang, r-devel-linux-x86_64-debian-gcc, r-devel-linux-x86_64-fedora-clang, r-devel-linux-x86_64-fedora-gcc, r-devel-windows-x86_64, r-patched-linux-x86_64, r-release-linux-x86_64, r-release-macos-arm64, r-release-macos-x86_64, r-release-windows-x86_64, r-oldrel-macos-arm64, r-oldrel-macos-x86_64, r-oldrel-windows-x86_64