Last updated on 2024-07-18 01:55:25 CEST.
Flavor | Version | Tinstall | Tcheck | Ttotal | Status | Flags |
---|---|---|---|---|---|---|
r-devel-linux-x86_64-debian-clang | 1.3.3 | 73.50 | 89.31 | 162.81 | OK | |
r-devel-linux-x86_64-debian-gcc | 1.3.3 | 51.21 | 64.84 | 116.05 | OK | |
r-devel-linux-x86_64-fedora-clang | 1.3.3 | 241.65 | NOTE | |||
r-devel-linux-x86_64-fedora-gcc | 1.3.3 | 222.21 | NOTE | |||
r-devel-windows-x86_64 | 1.3.3 | 61.00 | 104.00 | 165.00 | OK | |
r-patched-linux-x86_64 | 1.3.3 | 66.89 | 84.57 | 151.46 | OK | |
r-release-linux-x86_64 | 1.3.3 | 61.70 | 82.91 | 144.61 | OK | |
r-release-macos-arm64 | 1.3.3 | 51.00 | OK | |||
r-release-macos-x86_64 | 1.3.3 | 72.00 | OK | |||
r-release-windows-x86_64 | 1.3.3 | 63.00 | 100.00 | 163.00 | OK | |
r-oldrel-macos-arm64 | 1.3.3 | 59.00 | OK | |||
r-oldrel-macos-x86_64 | 1.3.3 | 92.00 | OK | |||
r-oldrel-windows-x86_64 | 1.3.3 | 77.00 | 121.00 | 198.00 | OK |
Version: 1.3.3
Check: compiled code
Result: NOTE
File ‘acc/libs/acc.so’:
Found no calls to: ‘R_registerRoutines’, ‘R_useDynamicSymbols’
It is good practice to register native routines and to disable symbol
search.
See ‘Writing portable packages’ in the ‘Writing R Extensions’ manual.
Flavors: r-devel-linux-x86_64-fedora-clang, r-devel-linux-x86_64-fedora-gcc