Last updated on 2024-07-18 01:55:25 CEST.
Flavor | Version | Tinstall | Tcheck | Ttotal | Status | Flags |
---|---|---|---|---|---|---|
r-devel-linux-x86_64-debian-clang | 1.10 | 46.13 | 66.80 | 112.93 | NOTE | |
r-devel-linux-x86_64-debian-gcc | 1.10 | 26.15 | 47.93 | 74.08 | NOTE | |
r-devel-linux-x86_64-fedora-clang | 1.10 | 152.14 | NOTE | |||
r-devel-linux-x86_64-fedora-gcc | 1.10 | 131.09 | NOTE | |||
r-devel-windows-x86_64 | 1.10 | 30.00 | 93.00 | 123.00 | NOTE | |
r-patched-linux-x86_64 | 1.10 | 32.16 | 63.64 | 95.80 | NOTE | |
r-release-linux-x86_64 | 1.10 | 35.22 | 63.85 | 99.07 | NOTE | |
r-release-macos-arm64 | 1.10 | 38.00 | NOTE | |||
r-release-macos-x86_64 | 1.10 | 76.00 | NOTE | |||
r-release-windows-x86_64 | 1.10 | 30.00 | 88.00 | 118.00 | NOTE | |
r-oldrel-macos-arm64 | 1.10 | 41.00 | NOTE | |||
r-oldrel-macos-x86_64 | 1.10 | 65.00 | NOTE | |||
r-oldrel-windows-x86_64 | 1.10 | 37.00 | 109.00 | 146.00 | NOTE |
Version: 1.10
Check: C++ specification
Result: NOTE
Specified C++11: please drop specification unless essential
Flavors: r-devel-linux-x86_64-debian-clang, r-devel-linux-x86_64-debian-gcc, r-devel-linux-x86_64-fedora-clang, r-devel-linux-x86_64-fedora-gcc, r-devel-windows-x86_64, r-patched-linux-x86_64, r-release-linux-x86_64, r-release-macos-arm64, r-release-macos-x86_64, r-release-windows-x86_64, r-oldrel-macos-arm64, r-oldrel-macos-x86_64, r-oldrel-windows-x86_64
Version: 1.10
Check: Rd files
Result: NOTE
checkRd: (-1) overstallwoods.Rd:184-185: Lost braces in \itemize; \value handles \item{}{} directly
checkRd: (-1) overstallwoods.Rd:186-187: Lost braces in \itemize; \value handles \item{}{} directly
checkRd: (-1) overstallwoods.Rd:188-189: Lost braces in \itemize; \value handles \item{}{} directly
checkRd: (-1) overstallwoods.Rd:190-191: Lost braces in \itemize; \value handles \item{}{} directly
Flavors: r-devel-linux-x86_64-debian-clang, r-devel-linux-x86_64-debian-gcc, r-devel-linux-x86_64-fedora-clang, r-devel-linux-x86_64-fedora-gcc, r-devel-windows-x86_64, r-patched-linux-x86_64, r-release-linux-x86_64, r-release-macos-arm64, r-release-macos-x86_64, r-release-windows-x86_64