Last updated on 2024-08-16 12:49:03 CEST.
Flavor | Version | Tinstall | Tcheck | Ttotal | Status | Flags |
---|---|---|---|---|---|---|
r-devel-linux-x86_64-debian-clang | 1.3.0 | 20.41 | 145.06 | 165.47 | OK | |
r-devel-linux-x86_64-debian-gcc | 1.3.0 | 12.09 | 93.08 | 105.17 | OK | |
r-devel-linux-x86_64-fedora-clang | 1.3.0 | 264.16 | NOTE | |||
r-devel-linux-x86_64-fedora-gcc | 1.3.0 | 260.19 | NOTE | |||
r-devel-windows-x86_64 | 1.3.0 | 23.00 | 172.00 | 195.00 | OK | |
r-patched-linux-x86_64 | 1.3.0 | 21.66 | 135.99 | 157.65 | OK | |
r-release-linux-x86_64 | 1.3.0 | 15.83 | 135.33 | 151.16 | OK | |
r-release-macos-arm64 | 1.3.0 | 75.00 | OK | |||
r-release-macos-x86_64 | 1.3.0 | 144.00 | OK | |||
r-release-windows-x86_64 | 1.3.0 | 23.00 | 170.00 | 193.00 | OK | |
r-oldrel-macos-arm64 | 1.3.0 | 90.00 | OK | |||
r-oldrel-macos-x86_64 | 1.3.0 | 157.00 | OK | |||
r-oldrel-windows-x86_64 | 1.3.0 | 29.00 | 202.00 | 231.00 | OK |
Version: 1.3.0
Check: dependencies in R code
Result: NOTE
Namespace in Imports field not imported from: ‘svglite’
All declared Imports should be used.
Flavors: r-devel-linux-x86_64-fedora-clang, r-devel-linux-x86_64-fedora-gcc