Last updated on 2024-08-16 12:49:03 CEST.
Flavor | Version | Tinstall | Tcheck | Ttotal | Status | Flags |
---|---|---|---|---|---|---|
r-devel-linux-x86_64-debian-clang | 0.3.0 | 4.39 | 46.22 | 50.61 | NOTE | |
r-devel-linux-x86_64-debian-gcc | 0.3.0 | 3.55 | 34.68 | 38.23 | NOTE | |
r-devel-linux-x86_64-fedora-clang | 0.3.0 | 83.51 | NOTE | |||
r-devel-linux-x86_64-fedora-gcc | 0.3.0 | 90.20 | NOTE | |||
r-devel-windows-x86_64 | 0.3.0 | 7.00 | 63.00 | 70.00 | NOTE | |
r-patched-linux-x86_64 | 0.3.0 | 4.58 | 43.18 | 47.76 | NOTE | |
r-release-linux-x86_64 | 0.3.0 | 4.29 | 43.99 | 48.28 | NOTE | |
r-release-macos-arm64 | 0.3.0 | 33.00 | NOTE | |||
r-release-macos-x86_64 | 0.3.0 | 50.00 | NOTE | |||
r-release-windows-x86_64 | 0.3.0 | 7.00 | 63.00 | 70.00 | NOTE | |
r-oldrel-macos-arm64 | 0.3.0 | 35.00 | NOTE | |||
r-oldrel-macos-x86_64 | 0.3.0 | 53.00 | NOTE | |||
r-oldrel-windows-x86_64 | 0.3.0 | 7.00 | 70.00 | 77.00 | NOTE |
Version: 0.3.0
Check: LazyData
Result: NOTE
'LazyData' is specified without a 'data' directory
Flavors: r-devel-linux-x86_64-debian-clang, r-devel-linux-x86_64-debian-gcc, r-devel-linux-x86_64-fedora-clang, r-devel-linux-x86_64-fedora-gcc, r-devel-windows-x86_64, r-patched-linux-x86_64, r-release-linux-x86_64, r-release-macos-arm64, r-release-macos-x86_64, r-release-windows-x86_64, r-oldrel-macos-arm64, r-oldrel-macos-x86_64, r-oldrel-windows-x86_64