Last updated on 2025-11-09 00:49:22 CET.
| Flavor | Version | Tinstall | Tcheck | Ttotal | Status | Flags |
|---|---|---|---|---|---|---|
| r-devel-linux-x86_64-debian-clang | 2.1.11 | 30.10 | 207.12 | 237.22 | OK | |
| r-devel-linux-x86_64-debian-gcc | 2.1.11 | 20.40 | 139.80 | 160.20 | OK | |
| r-devel-linux-x86_64-fedora-clang | 2.1.11 | 63.00 | 300.39 | 363.39 | OK | |
| r-devel-linux-x86_64-fedora-gcc | 2.1.11 | 60.00 | 278.96 | 338.96 | OK | |
| r-devel-windows-x86_64 | 2.1.11 | 39.00 | 217.00 | 256.00 | OK | |
| r-patched-linux-x86_64 | 2.1.11 | 30.99 | 192.78 | 223.77 | OK | |
| r-release-linux-x86_64 | 2.1.11 | 30.82 | 194.27 | 225.09 | OK | |
| r-release-macos-arm64 | 2.1.11 | 17.00 | 90.00 | 107.00 | OK | |
| r-release-macos-x86_64 | 2.1.11 | 26.00 | 152.00 | 178.00 | OK | |
| r-release-windows-x86_64 | 2.1.11 | 38.00 | 216.00 | 254.00 | OK | |
| r-oldrel-macos-arm64 | 2.1.11 | 12.00 | 72.00 | 84.00 | NOTE | |
| r-oldrel-macos-x86_64 | 2.1.11 | 41.00 | 173.00 | 214.00 | OK | |
| r-oldrel-windows-x86_64 | 2.1.11 | 49.00 | 390.00 | 439.00 | OK |
Version: 2.1.11
Check: installed package size
Result: NOTE
installed size is 5.8Mb
sub-directories of 1Mb or more:
R 2.1Mb
data 1.3Mb
files 1.7Mb
Flavor: r-oldrel-macos-arm64