Last updated on 2025-11-14 00:50:39 CET.
| Flavor | Version | Tinstall | Tcheck | Ttotal | Status | Flags |
|---|---|---|---|---|---|---|
| r-devel-linux-x86_64-debian-clang | 1.1.1 | 5.20 | 68.06 | 73.26 | NOTE | |
| r-devel-linux-x86_64-debian-gcc | 1.1.1 | 3.37 | 50.07 | 53.44 | NOTE | |
| r-devel-linux-x86_64-fedora-clang | 1.1.1 | 12.00 | 98.69 | 110.69 | NOTE | |
| r-devel-linux-x86_64-fedora-gcc | 1.1.1 | 11.00 | 107.14 | 118.14 | NOTE | |
| r-devel-windows-x86_64 | 1.1.1 | 8.00 | 83.00 | 91.00 | NOTE | |
| r-patched-linux-x86_64 | 1.1.1 | 4.91 | 65.04 | 69.95 | NOTE | |
| r-release-linux-x86_64 | 1.1.1 | 4.57 | 64.29 | 68.86 | NOTE | |
| r-release-macos-arm64 | 1.1.1 | 2.00 | 37.00 | 39.00 | NOTE | |
| r-release-macos-x86_64 | 1.1.1 | 4.00 | 69.00 | 73.00 | NOTE | |
| r-release-windows-x86_64 | 1.1.1 | 7.00 | 81.00 | 88.00 | NOTE | |
| r-oldrel-macos-arm64 | 1.1.1 | 3.00 | 37.00 | 40.00 | NOTE | |
| r-oldrel-macos-x86_64 | 1.1.1 | 4.00 | 56.00 | 60.00 | NOTE | |
| r-oldrel-windows-x86_64 | 1.1.1 | 10.00 | 97.00 | 107.00 | NOTE |
Version: 1.1.1
Check: package subdirectories
Result: NOTE
Problems with news in ‘NEWS.md’:
No news entries found.
Flavors: r-devel-linux-x86_64-debian-clang, r-devel-linux-x86_64-debian-gcc, r-devel-linux-x86_64-fedora-clang, r-devel-linux-x86_64-fedora-gcc, r-devel-windows-x86_64, r-patched-linux-x86_64, r-release-linux-x86_64, r-release-macos-arm64, r-release-macos-x86_64, r-release-windows-x86_64, r-oldrel-macos-arm64, r-oldrel-macos-x86_64, r-oldrel-windows-x86_64