Last updated on 2024-08-16 12:49:03 CEST.
Flavor | Version | Tinstall | Tcheck | Ttotal | Status | Flags |
---|---|---|---|---|---|---|
r-devel-linux-x86_64-debian-clang | 4.3.2.3 | 119.78 | 98.79 | 218.57 | OK | |
r-devel-linux-x86_64-debian-gcc | 4.3.2.3 | 42.21 | 70.93 | 113.14 | OK | |
r-devel-linux-x86_64-fedora-clang | 4.3.2.3 | 260.16 | OK | |||
r-devel-linux-x86_64-fedora-gcc | 4.3.2.3 | 261.62 | OK | |||
r-devel-windows-x86_64 | 4.3.2.3 | 53.00 | 129.00 | 182.00 | OK | |
r-patched-linux-x86_64 | 4.3.2.3 | 56.68 | 94.92 | 151.60 | OK | |
r-release-linux-x86_64 | 4.3.2.3 | 56.51 | 96.28 | 152.79 | OK | |
r-release-macos-arm64 | 4.3.2.3 | 74.00 | NOTE | |||
r-release-macos-x86_64 | 4.3.2.3 | 111.00 | NOTE | |||
r-release-windows-x86_64 | 4.3.2.3 | 52.00 | 130.00 | 182.00 | OK | |
r-oldrel-macos-arm64 | 4.3.2.3 | 88.00 | NOTE | |||
r-oldrel-macos-x86_64 | 4.3.2.3 | 180.00 | NOTE | |||
r-oldrel-windows-x86_64 | 4.3.2.3 | 73.00 | 157.00 | 230.00 | OK |
Version: 4.3.2.3
Check: installed package size
Result: NOTE
installed size is 6.9Mb
sub-directories of 1Mb or more:
libs 6.8Mb
Flavors: r-release-macos-arm64, r-release-macos-x86_64, r-oldrel-macos-arm64, r-oldrel-macos-x86_64