Last updated on 2024-08-16 12:49:03 CEST.
Flavor | Version | Tinstall | Tcheck | Ttotal | Status | Flags |
---|---|---|---|---|---|---|
r-devel-linux-x86_64-debian-clang | 0.3.3 | 40.84 | 160.31 | 201.15 | OK | |
r-devel-linux-x86_64-debian-gcc | 0.3.3 | 26.35 | 109.89 | 136.24 | OK | |
r-devel-linux-x86_64-fedora-clang | 0.3.3 | 339.24 | NOTE | |||
r-devel-linux-x86_64-fedora-gcc | 0.3.3 | 340.36 | NOTE | |||
r-devel-windows-x86_64 | 0.3.3 | 40.00 | 264.00 | 304.00 | OK | |
r-patched-linux-x86_64 | 0.3.3 | 39.51 | 148.72 | 188.23 | OK | |
r-release-linux-x86_64 | 0.3.3 | 34.43 | 148.50 | 182.93 | OK | |
r-release-macos-arm64 | 0.3.3 | 92.00 | OK | |||
r-release-macos-x86_64 | 0.3.3 | 140.00 | OK | |||
r-release-windows-x86_64 | 0.3.3 | 41.00 | 255.00 | 296.00 | OK | |
r-oldrel-macos-arm64 | 0.3.3 | 120.00 | OK | |||
r-oldrel-macos-x86_64 | 0.3.3 | 244.00 | OK | |||
r-oldrel-windows-x86_64 | 0.3.3 | 54.00 | 237.00 | 291.00 | OK |
Version: 0.3.3
Check: Rd cross-references
Result: NOTE
Undeclared package ‘R6’ in Rd xrefs
Flavor: r-devel-linux-x86_64-fedora-clang
Version: 0.3.3
Check: data for non-ASCII characters
Result: NOTE
Note: found 33 marked UTF-8 strings
Flavors: r-devel-linux-x86_64-fedora-clang, r-devel-linux-x86_64-fedora-gcc