CRAN Package Check Results for Package allelematch

Last updated on 2025-11-13 12:54:00 CET.

Flavor Version Tinstall Tcheck Ttotal Status Flags
r-devel-linux-x86_64-debian-clang 2.5.5 4.79 35.28 40.07 NOTE
r-devel-linux-x86_64-debian-gcc 2.5.5 3.37 26.53 29.90 NOTE
r-devel-linux-x86_64-fedora-clang 2.5.5 12.00 48.25 60.25 NOTE
r-devel-linux-x86_64-fedora-gcc 2.5.5 56.00 NOTE
r-devel-windows-x86_64 2.5.5 6.00 57.00 63.00 NOTE
r-patched-linux-x86_64 2.5.5 4.94 33.27 38.21 OK
r-release-linux-x86_64 2.5.5 4.37 33.51 37.88 OK
r-release-macos-arm64 2.5.5 2.00 17.00 19.00 OK
r-release-macos-x86_64 2.5.5 7.00 30.00 37.00 OK
r-release-windows-x86_64 2.5.5 5.00 56.00 61.00 OK
r-oldrel-macos-arm64 2.5.5 2.00 22.00 24.00 OK
r-oldrel-macos-x86_64 2.5.5 6.00 33.00 39.00 OK
r-oldrel-windows-x86_64 2.5.5 10.00 64.00 74.00 OK

Check Details

Version: 2.5.5
Check: Rd files
Result: NOTE checkRd: (-1) amCluster.Rd:126-135: Only 2 columns allowed in this table (row 1 has 1) Flavors: r-devel-linux-x86_64-debian-clang, r-devel-linux-x86_64-debian-gcc, r-devel-linux-x86_64-fedora-clang, r-devel-linux-x86_64-fedora-gcc, r-devel-windows-x86_64