Last updated on 2024-07-18 01:55:26 CEST.
Flavor | Version | Tinstall | Tcheck | Ttotal | Status | Flags |
---|---|---|---|---|---|---|
r-devel-linux-x86_64-debian-clang | 0.4-1.2 | 3.51 | 42.61 | 46.12 | NOTE | |
r-devel-linux-x86_64-debian-gcc | 0.4-1.2 | 2.87 | 30.86 | 33.73 | NOTE | |
r-devel-linux-x86_64-fedora-clang | 0.4-1.2 | 58.12 | NOTE | |||
r-devel-linux-x86_64-fedora-gcc | 0.4-1.2 | 54.06 | NOTE | |||
r-devel-windows-x86_64 | 0.4-1.2 | 5.00 | 57.00 | 62.00 | NOTE | |
r-patched-linux-x86_64 | 0.4-1.2 | 3.75 | 40.07 | 43.82 | NOTE | |
r-release-linux-x86_64 | 0.4-1.2 | 3.98 | 39.91 | 43.89 | NOTE | |
r-release-macos-arm64 | 0.4-1.2 | 19.00 | NOTE | |||
r-release-macos-x86_64 | 0.4-1.2 | 33.00 | NOTE | |||
r-release-windows-x86_64 | 0.4-1.2 | 4.00 | 56.00 | 60.00 | NOTE | |
r-oldrel-macos-arm64 | 0.4-1.2 | 22.00 | OK | |||
r-oldrel-macos-x86_64 | 0.4-1.2 | 28.00 | OK | |||
r-oldrel-windows-x86_64 | 0.4-1.2 | 4.00 | 59.00 | 63.00 | OK |
Version: 0.4-1.2
Check: Rd files
Result: NOTE
checkRd: (-1) gof.Rd:32: Lost braces
32 | Assuming that the data length is \eqn{N} and the number of the parameters in the model is \eqn{p}, eqn{D} and eqn{X^2} are compared to a chi-squared distribution with \eqn{N-p} degrees of freedom.
| ^
checkRd: (-1) gof.Rd:32: Lost braces
32 | Assuming that the data length is \eqn{N} and the number of the parameters in the model is \eqn{p}, eqn{D} and eqn{X^2} are compared to a chi-squared distribution with \eqn{N-p} degrees of freedom.
| ^
checkRd: (-1) iccbin.Rd:23: Lost braces
23 | \item{m}{A vector of the numbers of successes (proportions are eqn{y = m / n}).}
| ^
checkRd: (-1) varbin.Rd:22: Lost braces
22 | \item{m}{A vector of the numbers of successes (proportions are eqn{y = m / n}).}
| ^
Flavors: r-devel-linux-x86_64-debian-clang, r-devel-linux-x86_64-debian-gcc, r-devel-linux-x86_64-fedora-clang, r-devel-linux-x86_64-fedora-gcc, r-devel-windows-x86_64, r-patched-linux-x86_64, r-release-linux-x86_64, r-release-macos-arm64, r-release-macos-x86_64, r-release-windows-x86_64