Last updated on 2024-07-18 01:55:26 CEST.
Flavor | Version | Tinstall | Tcheck | Ttotal | Status | Flags |
---|---|---|---|---|---|---|
r-devel-linux-x86_64-debian-clang | 0.7.0 | 4.24 | 39.23 | 43.47 | OK | |
r-devel-linux-x86_64-debian-gcc | 0.7.0 | 2.98 | 29.51 | 32.49 | OK | |
r-devel-linux-x86_64-fedora-clang | 0.7.0 | 54.66 | OK | |||
r-devel-linux-x86_64-fedora-gcc | 0.7.0 | 51.36 | OK | |||
r-devel-windows-x86_64 | 0.7.0 | 4.00 | 119.00 | 123.00 | OK | |
r-patched-linux-x86_64 | 0.7.0 | 3.35 | 36.76 | 40.11 | OK | |
r-release-linux-x86_64 | 0.7.0 | 3.40 | 37.61 | 41.01 | OK | |
r-release-macos-arm64 | 0.7.0 | 20.00 | OK | |||
r-release-macos-x86_64 | 0.7.0 | 29.00 | OK | |||
r-release-windows-x86_64 | 0.7.0 | 4.00 | 111.00 | 115.00 | OK | |
r-oldrel-macos-arm64 | 0.7.0 | 21.00 | NOTE | |||
r-oldrel-macos-x86_64 | 0.7.0 | 41.00 | NOTE | |||
r-oldrel-windows-x86_64 | 0.7.0 | 5.00 | 61.00 | 66.00 | OK |
Version: 0.7.0
Check: package dependencies
Result: NOTE
Package suggested but not available for checking: ‘affxparser’
Flavors: r-oldrel-macos-arm64, r-oldrel-macos-x86_64
Version: 0.7.0
Check: Rd cross-references
Result: NOTE
Package unavailable to check Rd xrefs: ‘affxparser’
Flavors: r-oldrel-macos-arm64, r-oldrel-macos-x86_64