Last updated on 2024-07-18 01:55:26 CEST.
Flavor | Version | Tinstall | Tcheck | Ttotal | Status | Flags |
---|---|---|---|---|---|---|
r-devel-linux-x86_64-debian-clang | 0.1.0 | 15.92 | 112.84 | 128.76 | OK | |
r-devel-linux-x86_64-debian-gcc | 0.1.0 | 12.99 | 81.39 | 94.38 | OK | |
r-devel-linux-x86_64-fedora-clang | 0.1.0 | 160.34 | NOTE | |||
r-devel-linux-x86_64-fedora-gcc | 0.1.0 | 151.74 | NOTE | |||
r-devel-windows-x86_64 | 0.1.0 | 15.00 | 102.00 | 117.00 | OK | |
r-patched-linux-x86_64 | 0.1.0 | 14.43 | 106.97 | 121.40 | OK | |
r-release-linux-x86_64 | 0.1.0 | 10.08 | 106.56 | 116.64 | OK | |
r-release-macos-arm64 | 0.1.0 | 47.00 | OK | |||
r-release-macos-x86_64 | 0.1.0 | 73.00 | OK | |||
r-release-windows-x86_64 | 0.1.0 | 14.00 | 103.00 | 117.00 | OK | |
r-oldrel-macos-arm64 | 0.1.0 | 49.00 | OK | |||
r-oldrel-macos-x86_64 | 0.1.0 | 79.00 | OK | |||
r-oldrel-windows-x86_64 | 0.1.0 | 19.00 | 115.00 | 134.00 | OK |
Version: 0.1.0
Check: dependencies in R code
Result: NOTE
Namespace in Imports field not imported from: ‘abind’
All declared Imports should be used.
Flavors: r-devel-linux-x86_64-fedora-clang, r-devel-linux-x86_64-fedora-gcc