Last updated on 2025-11-15 01:50:17 CET.
| Flavor | Version | Tinstall | Tcheck | Ttotal | Status | Flags |
|---|---|---|---|---|---|---|
| r-devel-linux-x86_64-debian-clang | 1.0.5 | 15.81 | 166.47 | 182.28 | NOTE | |
| r-devel-linux-x86_64-debian-gcc | 1.0.5 | 9.08 | 111.48 | 120.56 | NOTE | |
| r-devel-linux-x86_64-fedora-clang | 1.0.5 | 53.00 | 218.01 | 271.01 | NOTE | |
| r-devel-linux-x86_64-fedora-gcc | 1.0.5 | 27.00 | 232.69 | 259.69 | NOTE | |
| r-devel-windows-x86_64 | 1.0.5 | 32.00 | 282.00 | 314.00 | NOTE | |
| r-patched-linux-x86_64 | 1.0.5 | 28.69 | 156.60 | 185.29 | NOTE | |
| r-release-linux-x86_64 | 1.0.5 | 14.64 | 155.23 | 169.87 | NOTE | |
| r-release-macos-arm64 | 1.0.5 | 14.00 | 126.00 | 140.00 | NOTE | |
| r-release-macos-x86_64 | 1.0.5 | 23.00 | 148.00 | 171.00 | NOTE | |
| r-release-windows-x86_64 | 1.0.5 | 27.00 | 284.00 | 311.00 | NOTE | |
| r-oldrel-macos-arm64 | 1.0.5 | 8.00 | 87.00 | 95.00 | NOTE | |
| r-oldrel-macos-x86_64 | 1.0.5 | 13.00 | 108.00 | 121.00 | NOTE | |
| r-oldrel-windows-x86_64 | 1.0.5 | 33.00 | 319.00 | 352.00 | NOTE |
Version: 1.0.5
Check: Rd files
Result: NOTE
checkRd: (-1) ec2_create_security_group.Rd:66: Escaped LaTeX specials: \#
checkRd: (-1) ec2_create_security_group.Rd:66: Escaped LaTeX specials: \$
checkRd: (-1) ec2_create_security_group.Rd:79: Escaped LaTeX specials: \#
checkRd: (-1) ec2_create_security_group.Rd:79: Escaped LaTeX specials: \$
Flavors: r-devel-linux-x86_64-debian-clang, r-devel-linux-x86_64-debian-gcc, r-devel-linux-x86_64-fedora-clang, r-devel-linux-x86_64-fedora-gcc, r-devel-windows-x86_64, r-patched-linux-x86_64, r-release-linux-x86_64, r-release-macos-arm64, r-release-macos-x86_64, r-release-windows-x86_64, r-oldrel-macos-arm64, r-oldrel-macos-x86_64, r-oldrel-windows-x86_64