Last updated on 2024-07-18 01:55:27 CEST.
Flavor | Version | Tinstall | Tcheck | Ttotal | Status | Flags |
---|---|---|---|---|---|---|
r-devel-linux-x86_64-debian-clang | 2.2.9 | 286.66 | 85.26 | 371.92 | OK | |
r-devel-linux-x86_64-debian-gcc | 2.2.9 | 244.98 | 76.44 | 321.42 | OK | |
r-devel-linux-x86_64-fedora-clang | 2.2.9 | 421.30 | OK | |||
r-devel-linux-x86_64-fedora-gcc | 2.2.9 | 602.69 | OK | |||
r-devel-windows-x86_64 | 2.2.9 | 187.00 | 115.00 | 302.00 | OK | |
r-patched-linux-x86_64 | 2.2.9 | 253.84 | 97.46 | 351.30 | OK | |
r-release-linux-x86_64 | 2.2.9 | 267.77 | 96.38 | 364.15 | OK | |
r-release-macos-arm64 | 2.2.9 | 121.00 | NOTE | |||
r-release-macos-x86_64 | 2.2.9 | 214.00 | NOTE | |||
r-release-windows-x86_64 | 2.2.9 | 194.00 | 117.00 | 311.00 | OK | |
r-oldrel-macos-arm64 | 2.2.9 | 139.00 | NOTE | |||
r-oldrel-macos-x86_64 | 2.2.9 | 378.00 | NOTE | |||
r-oldrel-windows-x86_64 | 2.2.9 | 302.00 | 137.00 | 439.00 | OK |
Version: 2.2.9
Check: installed package size
Result: NOTE
installed size is 127.3Mb
sub-directories of 1Mb or more:
libs 126.9Mb
Flavors: r-release-macos-arm64, r-release-macos-x86_64, r-oldrel-macos-arm64, r-oldrel-macos-x86_64