Last updated on 2025-11-14 12:50:06 CET.
| Flavor | Version | Tinstall | Tcheck | Ttotal | Status | Flags |
|---|---|---|---|---|---|---|
| r-devel-linux-x86_64-debian-clang | 0.2.2 | 1.94 | 25.73 | 27.67 | NOTE | |
| r-devel-linux-x86_64-debian-gcc | 0.2.2 | 1.51 | 21.14 | 22.65 | NOTE | |
| r-devel-linux-x86_64-fedora-clang | 0.2.2 | 43.44 | NOTE | |||
| r-devel-linux-x86_64-fedora-gcc | 0.2.2 | 56.41 | NOTE | |||
| r-devel-windows-x86_64 | 0.2.2 | 4.00 | 47.00 | 51.00 | NOTE | |
| r-patched-linux-x86_64 | 0.2.2 | 2.04 | 24.82 | 26.86 | NOTE | |
| r-release-linux-x86_64 | 0.2.2 | 1.91 | 24.87 | 26.78 | NOTE | |
| r-release-macos-arm64 | 0.2.2 | 1.00 | 23.00 | 24.00 | NOTE | |
| r-release-macos-x86_64 | 0.2.2 | 2.00 | 43.00 | 45.00 | NOTE | |
| r-release-windows-x86_64 | 0.2.2 | 3.00 | 44.00 | 47.00 | NOTE | |
| r-oldrel-macos-arm64 | 0.2.2 | 1.00 | 27.00 | 28.00 | OK | |
| r-oldrel-macos-x86_64 | 0.2.2 | 2.00 | 41.00 | 43.00 | OK | |
| r-oldrel-windows-x86_64 | 0.2.2 | 6.00 | 49.00 | 55.00 | OK |
Version: 0.2.2
Check: DESCRIPTION meta-information
Result: NOTE
Missing dependency on R >= 4.1.0 because package code uses the pipe
|> or function shorthand \(...) syntax added in R 4.1.0.
File(s) using such syntax:
‘round_rect.r’ ‘waffle.r’
Flavors: r-devel-linux-x86_64-debian-clang, r-devel-linux-x86_64-debian-gcc, r-devel-linux-x86_64-fedora-clang, r-devel-linux-x86_64-fedora-gcc, r-devel-windows-x86_64, r-patched-linux-x86_64, r-release-linux-x86_64, r-release-macos-arm64, r-release-macos-x86_64, r-release-windows-x86_64