Last updated on 2024-07-18 01:55:26 CEST.
Flavor | Version | Tinstall | Tcheck | Ttotal | Status | Flags |
---|---|---|---|---|---|---|
r-devel-linux-x86_64-debian-clang | 1.0-8 | 6.04 | 186.58 | 192.62 | OK | |
r-devel-linux-x86_64-debian-gcc | 1.0-8 | 5.63 | 133.97 | 139.60 | OK | |
r-devel-linux-x86_64-fedora-clang | 1.0-8 | 235.62 | OK | |||
r-devel-linux-x86_64-fedora-gcc | 1.0-8 | 235.50 | OK | |||
r-devel-windows-x86_64 | 1.0-8 | 8.00 | 187.00 | 195.00 | NOTE | |
r-patched-linux-x86_64 | 1.0-8 | 10.50 | 177.87 | 188.37 | OK | |
r-release-linux-x86_64 | 1.0-8 | 6.70 | 179.22 | 185.92 | OK | |
r-release-macos-arm64 | 1.0-8 | 33.00 | OK | |||
r-release-macos-x86_64 | 1.0-8 | 118.00 | OK | |||
r-release-windows-x86_64 | 1.0-8 | 7.00 | 188.00 | 195.00 | OK | |
r-oldrel-macos-arm64 | 1.0-8 | 37.00 | OK | |||
r-oldrel-macos-x86_64 | 1.0-8 | 76.00 | OK | |||
r-oldrel-windows-x86_64 | 1.0-8 | 9.00 | 214.00 | 223.00 | OK |
Version: 1.0-8
Check: Rd cross-references
Result: NOTE
Found the following Rd file(s) with Rd \link{} targets missing package
anchors:
bartc.Rd: rbart_vi, bart2, dbartsData
plot.Rd: rpart
Please provide package anchors for all Rd \link{} targets not in the
package itself and the base packages.
Flavor: r-devel-windows-x86_64