Last updated on 2024-07-18 01:55:26 CEST.
Flavor | Version | Tinstall | Tcheck | Ttotal | Status | Flags |
---|---|---|---|---|---|---|
r-devel-linux-x86_64-debian-clang | 1.2.1 | 3.46 | 29.41 | 32.87 | OK | |
r-devel-linux-x86_64-debian-gcc | 1.2.1 | 3.05 | 21.23 | 24.28 | OK | |
r-devel-linux-x86_64-fedora-clang | 1.2.1 | 41.01 | NOTE | |||
r-devel-linux-x86_64-fedora-gcc | 1.2.1 | 38.75 | OK | |||
r-devel-windows-x86_64 | 1.2.1 | 4.00 | 34.00 | 38.00 | NOTE | |
r-patched-linux-x86_64 | 1.2.1 | 3.70 | 27.46 | 31.16 | OK | |
r-release-linux-x86_64 | 1.2.1 | 3.55 | 27.42 | 30.97 | OK | |
r-release-macos-arm64 | 1.2.1 | 16.00 | NOTE | |||
r-release-macos-x86_64 | 1.2.1 | 22.00 | NOTE | |||
r-release-windows-x86_64 | 1.2.1 | 4.00 | 32.00 | 36.00 | NOTE | |
r-oldrel-macos-arm64 | 1.2.1 | 19.00 | NOTE | |||
r-oldrel-macos-x86_64 | 1.2.1 | 24.00 | NOTE | |||
r-oldrel-windows-x86_64 | 1.2.1 | 5.00 | 38.00 | 43.00 | NOTE |
Version: 1.2.1
Check: installed package size
Result: NOTE
installed size is 9.4Mb
sub-directories of 1Mb or more:
java 9.4Mb
Flavors: r-devel-linux-x86_64-fedora-clang, r-devel-windows-x86_64, r-release-macos-arm64, r-release-macos-x86_64, r-release-windows-x86_64, r-oldrel-macos-arm64, r-oldrel-macos-x86_64, r-oldrel-windows-x86_64