CRAN Package Check Results for Package baycn

Last updated on 2025-11-15 01:50:18 CET.

Flavor Version Tinstall Tcheck Ttotal Status Flags
r-devel-linux-x86_64-debian-clang 1.2.0 9.47 70.50 79.97 NOTE
r-devel-linux-x86_64-debian-gcc 1.2.0 7.13 50.63 57.76 NOTE
r-devel-linux-x86_64-fedora-clang 1.2.0 22.00 106.96 128.96 NOTE
r-devel-linux-x86_64-fedora-gcc 1.2.0 18.00 102.45 120.45 NOTE
r-devel-windows-x86_64 1.2.0 14.00 78.00 92.00 NOTE
r-patched-linux-x86_64 1.2.0 9.50 68.76 78.26 OK
r-release-linux-x86_64 1.2.0 8.31 66.92 75.23 OK
r-release-macos-arm64 1.2.0 6.00 44.00 50.00 OK
r-release-macos-x86_64 1.2.0 8.00 48.00 56.00 OK
r-release-windows-x86_64 1.2.0 12.00 76.00 88.00 OK
r-oldrel-macos-arm64 1.2.0 4.00 28.00 32.00 OK
r-oldrel-macos-x86_64 1.2.0 6.00 42.00 48.00 OK
r-oldrel-windows-x86_64 1.2.0 17.00 99.00 116.00 OK

Check Details

Version: 1.2.0
Check: CRAN incoming feasibility
Result: NOTE Maintainer: ‘Evan A Martin <evanamartin@gmail.com>’ No Authors@R field in DESCRIPTION. Please add one, modifying Authors@R: c(person(given = c("Evan", "A"), family = "Martin", role = c("aut", "cre"), email = "evanamartin@gmail.com"), person(given = c("Audrey", "Qiuyan"), family = "Fu", role = "aut")) as necessary. The Description field contains References: Martin and Fu (2019) <arXiv:1909.10678>. Please refer to arXiv e-prints via their arXiv DOI <doi:10.48550/arXiv.YYMM.NNNNN>. Flavors: r-devel-linux-x86_64-debian-clang, r-devel-linux-x86_64-debian-gcc

Version: 1.2.0
Check: Rd files
Result: NOTE checkRd: (-1) simdata.Rd:50: height/width attributes should be in pixels checkRd: (-1) simdata.Rd:66: height/width attributes should be in pixels checkRd: (-1) simdata.Rd:78: height/width attributes should be in pixels checkRd: (-1) simdata.Rd:89: height/width attributes should be in pixels checkRd: (-1) simdata.Rd:103: height/width attributes should be in pixels checkRd: (-1) simdata.Rd:113: height/width attributes should be in pixels checkRd: (-1) simdata.Rd:119: height/width attributes should be in pixels Flavors: r-devel-linux-x86_64-debian-clang, r-devel-linux-x86_64-debian-gcc, r-devel-linux-x86_64-fedora-clang, r-devel-linux-x86_64-fedora-gcc, r-devel-windows-x86_64