Last updated on 2024-07-18 01:55:26 CEST.
Flavor | Version | Tinstall | Tcheck | Ttotal | Status | Flags |
---|---|---|---|---|---|---|
r-devel-linux-x86_64-debian-clang | 0.0.5 | 155.64 | 128.52 | 284.16 | NOTE | |
r-devel-linux-x86_64-debian-gcc | 0.0.5 | 144.64 | 102.76 | 247.40 | NOTE | |
r-devel-linux-x86_64-fedora-clang | 0.0.5 | 380.17 | NOTE | |||
r-devel-linux-x86_64-fedora-gcc | 0.0.5 | 477.16 | NOTE | |||
r-devel-windows-x86_64 | 0.0.5 | 139.00 | 122.00 | 261.00 | NOTE | |
r-patched-linux-x86_64 | 0.0.5 | 133.46 | 137.27 | 270.73 | NOTE | |
r-release-linux-x86_64 | 0.0.5 | 146.74 | 134.32 | 281.06 | NOTE | |
r-release-macos-arm64 | 0.0.5 | 92.00 | NOTE | |||
r-release-macos-x86_64 | 0.0.5 | 140.00 | NOTE | |||
r-release-windows-x86_64 | 0.0.5 | 137.00 | 126.00 | 263.00 | NOTE | |
r-oldrel-macos-arm64 | 0.0.5 | 159.00 | NOTE | |||
r-oldrel-macos-x86_64 | 0.0.5 | 373.00 | NOTE | |||
r-oldrel-windows-x86_64 | 0.0.5 | 174.00 | 152.00 | 326.00 | NOTE |
Version: 0.0.5
Check: for GNU extensions in Makefiles
Result: NOTE
GNU make is a SystemRequirements.
Flavors: r-devel-linux-x86_64-debian-clang, r-devel-linux-x86_64-debian-gcc, r-devel-linux-x86_64-fedora-clang, r-devel-linux-x86_64-fedora-gcc, r-devel-windows-x86_64, r-patched-linux-x86_64, r-release-linux-x86_64, r-release-macos-arm64, r-release-macos-x86_64, r-release-windows-x86_64, r-oldrel-macos-arm64, r-oldrel-macos-x86_64, r-oldrel-windows-x86_64
Version: 0.0.5
Check: installed package size
Result: NOTE
installed size is 39.3Mb
sub-directories of 1Mb or more:
libs 39.1Mb
Flavors: r-release-macos-arm64, r-release-macos-x86_64, r-oldrel-macos-arm64, r-oldrel-macos-x86_64