Last updated on 2024-08-16 12:49:04 CEST.
Flavor | Version | Tinstall | Tcheck | Ttotal | Status | Flags |
---|---|---|---|---|---|---|
r-devel-linux-x86_64-debian-clang | 1.0.0 | 138.17 | 115.22 | 253.39 | NOTE | |
r-devel-linux-x86_64-debian-gcc | 1.0.0 | 131.46 | 94.79 | 226.25 | NOTE | |
r-devel-linux-x86_64-fedora-clang | 1.0.0 | 397.00 | NOTE | |||
r-devel-linux-x86_64-fedora-gcc | 1.0.0 | 486.35 | NOTE | |||
r-devel-windows-x86_64 | 1.0.0 | 138.00 | 142.00 | 280.00 | NOTE | |
r-patched-linux-x86_64 | 1.0.0 | 148.39 | 121.41 | 269.80 | NOTE | |
r-release-linux-x86_64 | 1.0.0 | 150.81 | 121.67 | 272.48 | NOTE | |
r-release-macos-arm64 | 1.0.0 | 97.00 | NOTE | |||
r-release-macos-x86_64 | 1.0.0 | 154.00 | NOTE | |||
r-release-windows-x86_64 | 1.0.0 | 135.00 | 136.00 | 271.00 | NOTE | |
r-oldrel-macos-arm64 | 1.0.0 | 81.00 | NOTE | |||
r-oldrel-macos-x86_64 | 1.0.0 | 213.00 | NOTE | |||
r-oldrel-windows-x86_64 | 1.0.0 | 174.00 | 172.00 | 346.00 | NOTE |
Version: 1.0.0
Check: for GNU extensions in Makefiles
Result: NOTE
GNU make is a SystemRequirements.
Flavors: r-devel-linux-x86_64-debian-clang, r-devel-linux-x86_64-debian-gcc, r-devel-linux-x86_64-fedora-clang, r-devel-linux-x86_64-fedora-gcc, r-devel-windows-x86_64, r-patched-linux-x86_64, r-release-linux-x86_64, r-release-macos-arm64, r-release-macos-x86_64, r-release-windows-x86_64, r-oldrel-macos-arm64, r-oldrel-macos-x86_64, r-oldrel-windows-x86_64
Version: 1.0.0
Check: installed package size
Result: NOTE
installed size is 43.7Mb
sub-directories of 1Mb or more:
libs 43.1Mb
Flavors: r-release-macos-arm64, r-release-macos-x86_64, r-oldrel-macos-arm64, r-oldrel-macos-x86_64