Last updated on 2024-08-16 12:49:04 CEST.
Flavor | Version | Tinstall | Tcheck | Ttotal | Status | Flags |
---|---|---|---|---|---|---|
r-devel-linux-x86_64-debian-clang | 1.1.4 | 30.57 | 313.58 | 344.15 | OK | |
r-devel-linux-x86_64-debian-gcc | 1.1.4 | 19.68 | 196.70 | 216.38 | OK | |
r-devel-linux-x86_64-fedora-clang | 1.1.4 | 557.53 | NOTE | |||
r-devel-linux-x86_64-fedora-gcc | 1.1.4 | 533.61 | OK | |||
r-devel-windows-x86_64 | 1.1.4 | 31.00 | 246.00 | 277.00 | NOTE | |
r-patched-linux-x86_64 | 1.1.4 | 29.99 | 289.95 | 319.94 | OK | |
r-release-linux-x86_64 | 1.1.4 | 32.10 | 295.01 | 327.11 | OK | |
r-release-macos-arm64 | 1.1.4 | 137.00 | NOTE | |||
r-release-macos-x86_64 | 1.1.4 | 254.00 | NOTE | |||
r-release-windows-x86_64 | 1.1.4 | 30.00 | 249.00 | 279.00 | NOTE | |
r-oldrel-macos-arm64 | 1.1.4 | 164.00 | NOTE | |||
r-oldrel-macos-x86_64 | 1.1.4 | 329.00 | NOTE | |||
r-oldrel-windows-x86_64 | 1.1.4 | 41.00 | 343.00 | 384.00 | NOTE |
Version: 1.1.4
Check: installed package size
Result: NOTE
installed size is 5.3Mb
sub-directories of 1Mb or more:
doc 3.6Mb
extdata 1.2Mb
Flavors: r-devel-linux-x86_64-fedora-clang, r-devel-windows-x86_64, r-release-macos-arm64, r-release-macos-x86_64, r-release-windows-x86_64, r-oldrel-macos-arm64, r-oldrel-macos-x86_64, r-oldrel-windows-x86_64