Last updated on 2025-11-14 12:50:07 CET.
| Flavor | Version | Tinstall | Tcheck | Ttotal | Status | Flags |
|---|---|---|---|---|---|---|
| r-devel-linux-x86_64-debian-clang | 0.0.3 | 211.24 | 338.12 | 549.36 | OK | |
| r-devel-linux-x86_64-debian-gcc | 0.0.3 | 190.72 | 257.00 | 447.72 | OK | |
| r-devel-linux-x86_64-fedora-clang | 0.0.3 | 660.00 | 267.25 | 927.25 | OK | |
| r-devel-linux-x86_64-fedora-gcc | 0.0.3 | 443.00 | 554.18 | 997.18 | OK | |
| r-devel-windows-x86_64 | 0.0.3 | 252.00 | 364.00 | 616.00 | OK | |
| r-patched-linux-x86_64 | 0.0.3 | 253.21 | 344.66 | 597.87 | OK | |
| r-release-linux-x86_64 | 0.0.3 | 263.04 | 343.80 | 606.84 | OK | |
| r-release-macos-arm64 | 0.0.3 | 93.00 | 82.00 | 175.00 | OK | |
| r-release-macos-x86_64 | 0.0.3 | 119.00 | 315.00 | 434.00 | OK | |
| r-release-windows-x86_64 | 0.0.3 | 243.00 | 355.00 | 598.00 | OK | |
| r-oldrel-macos-arm64 | 0.0.3 | 95.00 | 128.00 | 223.00 | NOTE | |
| r-oldrel-macos-x86_64 | 0.0.3 | 68.00 | 150.00 | 218.00 | NOTE | |
| r-oldrel-windows-x86_64 | 0.0.3 | 295.00 | 463.00 | 758.00 | NOTE |
Version: 0.0.3
Check: installed package size
Result: NOTE
installed size is 50.5Mb
sub-directories of 1Mb or more:
libs 49.1Mb
Flavors: r-oldrel-macos-arm64, r-oldrel-macos-x86_64
Version: 0.0.3
Check: for GNU extensions in Makefiles
Result: NOTE
GNU make is a SystemRequirements.
Flavors: r-oldrel-macos-arm64, r-oldrel-macos-x86_64, r-oldrel-windows-x86_64