Last updated on 2024-07-18 01:55:27 CEST.
Flavor | Version | Tinstall | Tcheck | Ttotal | Status | Flags |
---|---|---|---|---|---|---|
r-devel-linux-x86_64-debian-clang | 1.1.0 | 114.03 | 67.96 | 181.99 | OK | |
r-devel-linux-x86_64-debian-gcc | 1.1.0 | 84.48 | 50.65 | 135.13 | OK | |
r-devel-linux-x86_64-fedora-gcc | 1.1.0 | 265.33 | OK | |||
r-devel-windows-x86_64 | 1.1.0 | 261.00 | 124.00 | 385.00 | NOTE | |
r-patched-linux-x86_64 | 1.1.0 | 107.74 | 64.96 | 172.70 | OK | |
r-release-linux-x86_64 | 1.1.0 | 106.99 | 63.29 | 170.28 | OK | |
r-release-macos-arm64 | 1.1.0 | 70.00 | NOTE | |||
r-release-macos-x86_64 | 1.1.0 | 92.00 | NOTE | |||
r-release-windows-x86_64 | 1.1.0 | 263.00 | 123.00 | 386.00 | NOTE | |
r-oldrel-macos-arm64 | 1.1.0 | 80.00 | NOTE | |||
r-oldrel-macos-x86_64 | 1.1.0 | 109.00 | NOTE | |||
r-oldrel-windows-x86_64 | 1.1.0 | 277.00 | 263.00 | 540.00 | NOTE |
Version: 1.1.0
Check: installed package size
Result: NOTE
installed size is 16.5Mb
sub-directories of 1Mb or more:
libs 16.2Mb
Flavors: r-devel-windows-x86_64, r-release-macos-arm64, r-release-macos-x86_64, r-release-windows-x86_64, r-oldrel-macos-arm64, r-oldrel-macos-x86_64, r-oldrel-windows-x86_64
Version: 1.1.0
Check: Rd cross-references
Result: NOTE
Found the following Rd file(s) with Rd \link{} targets missing package
anchors:
DBI.Rd: DBIResult-class, DBIConnection-class
Please provide package anchors for all Rd \link{} targets not in the
package itself and the base packages.
Flavor: r-devel-windows-x86_64