Last updated on 2024-08-16 12:49:04 CEST.
Flavor | Version | Tinstall | Tcheck | Ttotal | Status | Flags |
---|---|---|---|---|---|---|
r-devel-linux-x86_64-debian-clang | 0.6.1 | 138.56 | 151.27 | 289.83 | NOTE | |
r-devel-linux-x86_64-debian-gcc | 0.6.1 | 118.41 | 113.67 | 232.08 | NOTE | |
r-devel-linux-x86_64-fedora-clang | 0.6.1 | 483.29 | NOTE | |||
r-devel-linux-x86_64-fedora-gcc | 0.6.1 | 573.67 | NOTE | |||
r-devel-windows-x86_64 | 0.6.1 | 154.00 | 204.00 | 358.00 | NOTE | |
r-patched-linux-x86_64 | 0.6.1 | 148.67 | 153.31 | 301.98 | NOTE | |
r-release-linux-x86_64 | 0.6.1 | 144.47 | 153.94 | 298.41 | NOTE | |
r-release-macos-arm64 | 0.6.1 | 149.00 | NOTE | |||
r-release-macos-x86_64 | 0.6.1 | 347.00 | NOTE | |||
r-release-windows-x86_64 | 0.6.1 | 163.00 | 206.00 | 369.00 | NOTE | |
r-oldrel-macos-arm64 | 0.6.1 | 186.00 | NOTE | |||
r-oldrel-macos-x86_64 | 0.6.1 | 343.00 | NOTE | |||
r-oldrel-windows-x86_64 | 0.6.1 | 194.00 | 271.00 | 465.00 | NOTE |
Version: 0.6.1
Check: for GNU extensions in Makefiles
Result: NOTE
GNU make is a SystemRequirements.
Flavors: r-devel-linux-x86_64-debian-clang, r-devel-linux-x86_64-debian-gcc, r-devel-linux-x86_64-fedora-clang, r-devel-linux-x86_64-fedora-gcc, r-devel-windows-x86_64, r-patched-linux-x86_64, r-release-linux-x86_64, r-release-macos-arm64, r-release-macos-x86_64, r-release-windows-x86_64, r-oldrel-macos-arm64, r-oldrel-macos-x86_64, r-oldrel-windows-x86_64
Version: 0.6.1
Check: installed package size
Result: NOTE
installed size is 48.3Mb
sub-directories of 1Mb or more:
extdata 1.5Mb
libs 46.0Mb
Flavors: r-release-macos-arm64, r-release-macos-x86_64, r-oldrel-macos-arm64, r-oldrel-macos-x86_64