Last updated on 2025-07-08 13:49:04 CEST.
Flavor | Version | Tinstall | Tcheck | Ttotal | Status | Flags |
---|---|---|---|---|---|---|
r-devel-linux-x86_64-debian-clang | 0.8.9 | 131.78 | 155.49 | 287.27 | OK | |
r-devel-linux-x86_64-debian-gcc | 0.8.9 | 120.68 | 123.41 | 244.09 | OK | |
r-devel-linux-x86_64-fedora-clang | 0.8.9 | 442.84 | OK | |||
r-devel-linux-x86_64-fedora-gcc | 0.8.9 | 510.37 | OK | |||
r-devel-windows-x86_64 | 0.8.9 | 147.00 | 165.00 | 312.00 | OK | |
r-patched-linux-x86_64 | 0.8.9 | 151.22 | 165.60 | 316.82 | OK | |
r-release-linux-x86_64 | 0.8.9 | 153.73 | 165.79 | 319.52 | OK | |
r-release-macos-arm64 | 0.8.9 | 113.00 | OK | |||
r-release-macos-x86_64 | 0.8.9 | 277.00 | OK | |||
r-release-windows-x86_64 | 0.8.9 | 148.00 | 167.00 | 315.00 | OK | |
r-oldrel-macos-arm64 | 0.8.9 | 119.00 | NOTE | |||
r-oldrel-macos-x86_64 | 0.8.9 | 162.00 | NOTE | |||
r-oldrel-windows-x86_64 | 0.8.9 | 171.00 | 213.00 | 384.00 | OK |
Version: 0.8.9
Check: installed package size
Result: NOTE
installed size is 45.3Mb
sub-directories of 1Mb or more:
libs 45.0Mb
Flavors: r-oldrel-macos-arm64, r-oldrel-macos-x86_64
Version: 0.8.9
Check: for GNU extensions in Makefiles
Result: NOTE
GNU make is a SystemRequirements.
Flavors: r-oldrel-macos-arm64, r-oldrel-macos-x86_64