Last updated on 2024-08-16 12:49:04 CEST.
Flavor | Version | Tinstall | Tcheck | Ttotal | Status | Flags |
---|---|---|---|---|---|---|
r-devel-linux-x86_64-debian-clang | 1.2.0 | 2.38 | 430.23 | 432.61 | NOTE | |
r-devel-linux-x86_64-debian-gcc | 1.2.0 | 1.98 | 281.53 | 283.51 | NOTE | |
r-devel-linux-x86_64-fedora-clang | 1.2.0 | 695.16 | NOTE | |||
r-devel-linux-x86_64-fedora-gcc | 1.2.0 | 688.90 | NOTE | |||
r-devel-windows-x86_64 | 1.2.0 | 4.00 | 276.00 | 280.00 | NOTE | --no-vignettes |
r-patched-linux-x86_64 | 1.2.0 | 1.75 | 403.45 | 405.20 | NOTE | |
r-release-linux-x86_64 | 1.2.0 | 2.52 | 402.02 | 404.54 | NOTE | |
r-release-macos-arm64 | 1.2.0 | 183.00 | NOTE | |||
r-release-macos-x86_64 | 1.2.0 | 318.00 | NOTE | |||
r-release-windows-x86_64 | 1.2.0 | 4.00 | 272.00 | 276.00 | NOTE | --no-vignettes |
r-oldrel-macos-arm64 | 1.2.0 | 217.00 | NOTE | |||
r-oldrel-macos-x86_64 | 1.2.0 | 386.00 | NOTE | |||
r-oldrel-windows-x86_64 | 1.2.0 | 5.00 | 324.00 | 329.00 | NOTE | --no-vignettes |
Version: 1.2.0
Check: Rd files
Result: NOTE
checkRd: (-1) kink_estimator.Rd:60: Escaped LaTeX specials: \$
Flavors: r-devel-linux-x86_64-debian-clang, r-devel-linux-x86_64-debian-gcc, r-devel-linux-x86_64-fedora-clang, r-devel-linux-x86_64-fedora-gcc, r-patched-linux-x86_64, r-release-linux-x86_64, r-release-macos-arm64, r-release-macos-x86_64, r-oldrel-macos-arm64, r-oldrel-macos-x86_64
Version: 1.2.0
Check: LazyData
Result: NOTE
'LazyData' is specified without a 'data' directory
Flavors: r-devel-linux-x86_64-debian-clang, r-devel-linux-x86_64-debian-gcc, r-devel-linux-x86_64-fedora-clang, r-devel-linux-x86_64-fedora-gcc, r-patched-linux-x86_64, r-release-linux-x86_64, r-release-macos-arm64, r-release-macos-x86_64, r-oldrel-macos-arm64, r-oldrel-macos-x86_64
Version: 1.2.0
Flags: --no-vignettes
Check: Rd files
Result: NOTE
checkRd: (-1) kink_estimator.Rd:60: Escaped LaTeX specials: \$
Flavors: r-devel-windows-x86_64, r-release-windows-x86_64, r-oldrel-windows-x86_64
Version: 1.2.0
Flags: --no-vignettes
Check: LazyData
Result: NOTE
'LazyData' is specified without a 'data' directory
Flavors: r-devel-windows-x86_64, r-release-windows-x86_64, r-oldrel-windows-x86_64