Last updated on 2024-07-18 01:55:28 CEST.
Flavor | Version | Tinstall | Tcheck | Ttotal | Status | Flags |
---|---|---|---|---|---|---|
r-devel-linux-x86_64-debian-clang | 1.1.1 | 4.26 | 33.83 | 38.09 | NOTE | |
r-devel-linux-x86_64-debian-gcc | 1.1.1 | 2.82 | 25.48 | 28.30 | NOTE | |
r-devel-linux-x86_64-fedora-clang | 1.1.1 | 49.54 | NOTE | |||
r-devel-linux-x86_64-fedora-gcc | 1.1.1 | 47.34 | NOTE | |||
r-devel-windows-x86_64 | 1.1.1 | 5.00 | 54.00 | 59.00 | OK | |
r-patched-linux-x86_64 | 1.1.1 | 3.56 | 31.72 | 35.28 | NOTE | |
r-release-linux-x86_64 | 1.1.1 | 3.43 | 32.96 | 36.39 | NOTE | |
r-release-macos-arm64 | 1.1.1 | 18.00 | NOTE | |||
r-release-macos-x86_64 | 1.1.1 | 27.00 | NOTE | |||
r-release-windows-x86_64 | 1.1.1 | 4.00 | 55.00 | 59.00 | OK | |
r-oldrel-macos-arm64 | 1.1.1 | 18.00 | OK | |||
r-oldrel-macos-x86_64 | 1.1.1 | 26.00 | OK | |||
r-oldrel-windows-x86_64 | 1.1.1 | 4.00 | 54.00 | 58.00 | OK |
Version: 1.1.1
Check: package dependencies
Result: NOTE
Package suggested but not available for checking: ‘bvpSolve’
Flavors: r-devel-linux-x86_64-debian-clang, r-devel-linux-x86_64-debian-gcc, r-devel-linux-x86_64-fedora-clang, r-devel-linux-x86_64-fedora-gcc, r-patched-linux-x86_64, r-release-linux-x86_64, r-release-macos-arm64, r-release-macos-x86_64