Last updated on 2024-08-16 12:49:04 CEST.
Flavor | Version | Tinstall | Tcheck | Ttotal | Status | Flags |
---|---|---|---|---|---|---|
r-devel-linux-x86_64-debian-clang | 1.7 | 9.04 | 73.72 | 82.76 | NOTE | |
r-devel-linux-x86_64-debian-gcc | 1.7 | 5.95 | 52.68 | 58.63 | NOTE | |
r-devel-linux-x86_64-fedora-clang | 1.7 | 134.43 | OK | |||
r-devel-linux-x86_64-fedora-gcc | 1.7 | 122.01 | OK | |||
r-devel-windows-x86_64 | 1.7 | 9.00 | 87.00 | 96.00 | NOTE | |
r-patched-linux-x86_64 | 1.7 | 8.39 | 69.09 | 77.48 | OK | |
r-release-linux-x86_64 | 1.7 | 7.37 | 69.85 | 77.22 | OK | |
r-release-macos-arm64 | 1.7 | 39.00 | OK | |||
r-release-macos-x86_64 | 1.7 | 59.00 | OK | |||
r-release-windows-x86_64 | 1.7 | 11.00 | 88.00 | 99.00 | OK | |
r-oldrel-macos-arm64 | 1.7 | 39.00 | OK | |||
r-oldrel-macos-x86_64 | 1.7 | 91.00 | OK | |||
r-oldrel-windows-x86_64 | 1.7 | 11.00 | 105.00 | 116.00 | OK |
Version: 1.7
Check: Rd cross-references
Result: NOTE
Found the following Rd file(s) with Rd \link{} targets missing package
anchors:
persistence.prob.Rd: coxph, survreg
Please provide package anchors for all Rd \link{} targets not in the
package itself and the base packages.
Flavors: r-devel-linux-x86_64-debian-clang, r-devel-linux-x86_64-debian-gcc, r-devel-windows-x86_64