Last updated on 2024-08-16 12:49:04 CEST.
Flavor | Version | Tinstall | Tcheck | Ttotal | Status | Flags |
---|---|---|---|---|---|---|
r-devel-linux-x86_64-debian-clang | 6.0-94 | 33.51 | 356.79 | 390.30 | NOTE | |
r-devel-linux-x86_64-debian-gcc | 6.0-94 | 24.44 | 233.34 | 257.78 | NOTE | |
r-devel-linux-x86_64-fedora-clang | 6.0-94 | 638.01 | NOTE | |||
r-devel-linux-x86_64-fedora-gcc | 6.0-94 | 636.99 | NOTE | |||
r-devel-windows-x86_64 | 6.0-94 | 36.00 | 336.00 | 372.00 | NOTE | --no-vignettes |
r-patched-linux-x86_64 | 6.0-94 | 43.92 | 332.18 | 376.10 | NOTE | |
r-release-linux-x86_64 | 6.0-94 | 37.39 | 335.63 | 373.02 | NOTE | |
r-release-macos-arm64 | 6.0-94 | 153.00 | NOTE | |||
r-release-macos-x86_64 | 6.0-94 | 261.00 | NOTE | |||
r-release-windows-x86_64 | 6.0-94 | 36.00 | 325.00 | 361.00 | NOTE | --no-vignettes |
r-oldrel-macos-arm64 | 6.0-94 | 169.00 | OK | |||
r-oldrel-macos-x86_64 | 6.0-94 | 302.00 | OK | |||
r-oldrel-windows-x86_64 | 6.0-94 | 51.00 | 376.00 | 427.00 | OK | --no-vignettes |
Version: 6.0-94
Check: package dependencies
Result: NOTE
Package suggested but not available for checking: ‘subselect’
Flavors: r-devel-linux-x86_64-debian-clang, r-devel-linux-x86_64-debian-gcc, r-devel-linux-x86_64-fedora-clang, r-devel-linux-x86_64-fedora-gcc, r-patched-linux-x86_64, r-release-linux-x86_64
Version: 6.0-94
Check: Rd files
Result: NOTE
checkRd: (-1) NEWS.Rd:96: Lost braces
96 | \item code{train} now removes duplicate models in the tuning grid. Duplicates could occur for models with discrete parameters.
| ^
checkRd: (-1) calibration.Rd:46: Lost braces; missing escapes or markup?
46 | formula. This argument is not used for \code{xyplot.calibration}. For {ggplot.calibration}, \code{data}
| ^
Flavors: r-devel-linux-x86_64-debian-clang, r-devel-linux-x86_64-debian-gcc, r-devel-linux-x86_64-fedora-clang, r-devel-linux-x86_64-fedora-gcc, r-patched-linux-x86_64, r-release-linux-x86_64, r-release-macos-arm64, r-release-macos-x86_64
Version: 6.0-94
Check: Rd cross-references
Result: NOTE
Unknown package ‘subselect’ in Rd xrefs
Found the following Rd file(s) with Rd \link{} targets missing package
anchors:
train.Rd: recipe
Please provide package anchors for all Rd \link{} targets not in the
package itself and the base packages.
Flavors: r-devel-linux-x86_64-debian-clang, r-devel-linux-x86_64-debian-gcc
Version: 6.0-94
Check: Rd cross-references
Result: NOTE
Unknown package ‘subselect’ in Rd xrefs
Flavors: r-devel-linux-x86_64-fedora-clang, r-devel-linux-x86_64-fedora-gcc, r-patched-linux-x86_64, r-release-linux-x86_64
Version: 6.0-94
Flags: --no-vignettes
Check: Rd files
Result: NOTE
checkRd: (-1) NEWS.Rd:96: Lost braces
96 | \item code{train} now removes duplicate models in the tuning grid. Duplicates could occur for models with discrete parameters.
| ^
checkRd: (-1) calibration.Rd:46: Lost braces; missing escapes or markup?
46 | formula. This argument is not used for \code{xyplot.calibration}. For {ggplot.calibration}, \code{data}
| ^
Flavors: r-devel-windows-x86_64, r-release-windows-x86_64
Version: 6.0-94
Flags: --no-vignettes
Check: Rd cross-references
Result: NOTE
Found the following Rd file(s) with Rd \link{} targets missing package
anchors:
train.Rd: recipe
Please provide package anchors for all Rd \link{} targets not in the
package itself and the base packages.
Flavor: r-devel-windows-x86_64