Last updated on 2024-08-16 12:49:04 CEST.
Flavor | Version | Tinstall | Tcheck | Ttotal | Status | Flags |
---|---|---|---|---|---|---|
r-devel-linux-x86_64-debian-clang | 0.2.2 | 3.62 | 40.17 | 43.79 | NOTE | |
r-devel-linux-x86_64-debian-gcc | 0.2.2 | 2.39 | 29.36 | 31.75 | NOTE | |
r-devel-linux-x86_64-fedora-clang | 0.2.2 | 70.81 | NOTE | |||
r-devel-linux-x86_64-fedora-gcc | 0.2.2 | 79.15 | NOTE | |||
r-devel-windows-x86_64 | 0.2.2 | 5.00 | 57.00 | 62.00 | NOTE | |
r-patched-linux-x86_64 | 0.2.2 | 3.67 | 37.32 | 40.99 | NOTE | |
r-release-linux-x86_64 | 0.2.2 | 2.13 | 37.60 | 39.73 | NOTE | |
r-release-macos-arm64 | 0.2.2 | 31.00 | NOTE | |||
r-release-macos-x86_64 | 0.2.2 | 44.00 | NOTE | |||
r-release-windows-x86_64 | 0.2.2 | 5.00 | 58.00 | 63.00 | NOTE | |
r-oldrel-macos-arm64 | 0.2.2 | 29.00 | NOTE | |||
r-oldrel-macos-x86_64 | 0.2.2 | 42.00 | NOTE | |||
r-oldrel-windows-x86_64 | 0.2.2 | 7.00 | 63.00 | 70.00 | NOTE |
Version: 0.2.2
Check: LazyData
Result: NOTE
'LazyData' is specified without a 'data' directory
Flavors: r-devel-linux-x86_64-debian-clang, r-devel-linux-x86_64-debian-gcc, r-devel-linux-x86_64-fedora-clang, r-devel-linux-x86_64-fedora-gcc, r-devel-windows-x86_64, r-patched-linux-x86_64, r-release-linux-x86_64, r-release-macos-arm64, r-release-macos-x86_64, r-release-windows-x86_64, r-oldrel-macos-arm64, r-oldrel-macos-x86_64, r-oldrel-windows-x86_64