Last updated on 2024-08-16 12:49:04 CEST.
Flavor | Version | Tinstall | Tcheck | Ttotal | Status | Flags |
---|---|---|---|---|---|---|
r-devel-linux-x86_64-debian-clang | 0.9.4 | 4.21 | 76.40 | 80.61 | OK | |
r-devel-linux-x86_64-debian-gcc | 0.9.4 | 2.90 | 59.18 | 62.08 | OK | |
r-devel-linux-x86_64-fedora-clang | 0.9.4 | 127.33 | NOTE | |||
r-devel-linux-x86_64-fedora-gcc | 0.9.4 | 134.29 | OK | |||
r-devel-windows-x86_64 | 0.9.4 | 6.00 | 102.00 | 108.00 | NOTE | |
r-patched-linux-x86_64 | 0.9.4 | 4.60 | 76.64 | 81.24 | OK | |
r-release-linux-x86_64 | 0.9.4 | 3.91 | 79.09 | 83.00 | OK | |
r-release-macos-arm64 | 0.9.4 | 59.00 | NOTE | |||
r-release-macos-x86_64 | 0.9.4 | 83.00 | NOTE | |||
r-release-windows-x86_64 | 0.9.4 | 5.00 | 102.00 | 107.00 | NOTE | |
r-oldrel-macos-arm64 | 0.9.4 | 64.00 | NOTE | |||
r-oldrel-macos-x86_64 | 0.9.4 | 98.00 | NOTE | |||
r-oldrel-windows-x86_64 | 0.9.4 | 7.00 | 118.00 | 125.00 | NOTE |
Version: 0.9.4
Check: installed package size
Result: NOTE
installed size is 20.3Mb
sub-directories of 1Mb or more:
doc 19.9Mb
Flavors: r-devel-linux-x86_64-fedora-clang, r-devel-windows-x86_64, r-release-macos-arm64, r-release-macos-x86_64, r-release-windows-x86_64, r-oldrel-macos-arm64, r-oldrel-macos-x86_64, r-oldrel-windows-x86_64