Last updated on 2024-07-18 01:55:27 CEST.
Flavor | Version | Tinstall | Tcheck | Ttotal | Status | Flags |
---|---|---|---|---|---|---|
r-devel-linux-x86_64-debian-clang | 1.1.0 | 19.92 | 128.92 | 148.84 | OK | |
r-devel-linux-x86_64-debian-gcc | 1.1.0 | 15.47 | 92.22 | 107.69 | OK | |
r-devel-linux-x86_64-fedora-clang | 1.1.0 | 178.24 | NOTE | |||
r-devel-linux-x86_64-fedora-gcc | 1.1.0 | 165.87 | NOTE | |||
r-devel-windows-x86_64 | 1.1.0 | 17.00 | 104.00 | 121.00 | OK | |
r-patched-linux-x86_64 | 1.1.0 | 17.28 | 120.65 | 137.93 | OK | |
r-release-linux-x86_64 | 1.1.0 | 13.45 | 121.34 | 134.79 | OK | |
r-release-macos-arm64 | 1.1.0 | 50.00 | OK | |||
r-release-macos-x86_64 | 1.1.0 | 74.00 | OK | |||
r-release-windows-x86_64 | 1.1.0 | 17.00 | 108.00 | 125.00 | OK | |
r-oldrel-macos-arm64 | 1.1.0 | 58.00 | OK | |||
r-oldrel-macos-x86_64 | 1.1.0 | 104.00 | OK | |||
r-oldrel-windows-x86_64 | 1.1.0 | 23.00 | 133.00 | 156.00 | OK |
Version: 1.1.0
Check: data for non-ASCII characters
Result: NOTE
Note: found 1045 marked UTF-8 strings
Flavors: r-devel-linux-x86_64-fedora-clang, r-devel-linux-x86_64-fedora-gcc